{"version":"1.0","provider_name":"Le Collectif des festivals","provider_url":"https:\/\/www.lecollectifdesfestivals.org\/collectif","author_name":"Le Collectif","author_url":"https:\/\/www.lecollectifdesfestivals.org\/collectif\/author\/collectiffedds\/","title":"Rencontre r\u00e9gionale autour des enjeux de la formation dans le domaine culturel en Bretagne &#8226; Le Collectif des festivals","type":"rich","width":600,"height":338,"html":"<blockquote class=\"wp-embedded-content\" data-secret=\"LjCvOdM5QQ\"><a href=\"https:\/\/www.lecollectifdesfestivals.org\/collectif\/events\/rencontre-regionale-formation\/\">Rencontre r\u00e9gionale autour des enjeux de la formation dans le domaine culturel en Bretagne<\/a><\/blockquote><iframe sandbox=\"allow-scripts\" security=\"restricted\" src=\"https:\/\/www.lecollectifdesfestivals.org\/collectif\/events\/rencontre-regionale-formation\/embed\/#?secret=LjCvOdM5QQ\" width=\"600\" height=\"338\" title=\"\u00ab\u00a0Rencontre r\u00e9gionale autour des enjeux de la formation dans le domaine culturel en Bretagne\u00a0\u00bb &#8212; Le Collectif des festivals\" data-secret=\"LjCvOdM5QQ\" frameborder=\"0\" marginwidth=\"0\" marginheight=\"0\" scrolling=\"no\" class=\"wp-embedded-content\"><\/iframe><script>\n\/*! This file is auto-generated *\/\n!function(d,l){\"use strict\";l.querySelector&&d.addEventListener&&\"undefined\"!=typeof URL&&(d.wp=d.wp||{},d.wp.receiveEmbedMessage||(d.wp.receiveEmbedMessage=function(e){var t=e.data;if((t||t.secret||t.message||t.value)&&!\/[^a-zA-Z0-9]\/.test(t.secret)){for(var s,r,n,a=l.querySelectorAll('iframe[data-secret=\"'+t.secret+'\"]'),o=l.querySelectorAll('blockquote[data-secret=\"'+t.secret+'\"]'),c=new RegExp(\"^https?:$\",\"i\"),i=0;i<o.length;i++)o[i].style.display=\"none\";for(i=0;i<a.length;i++)s=a[i],e.source===s.contentWindow&&(s.removeAttribute(\"style\"),\"height\"===t.message?(1e3<(r=parseInt(t.value,10))?r=1e3:~~r<200&&(r=200),s.height=r):\"link\"===t.message&&(r=new URL(s.getAttribute(\"src\")),n=new URL(t.value),c.test(n.protocol))&&n.host===r.host&&l.activeElement===s&&(d.top.location.href=t.value))}},d.addEventListener(\"message\",d.wp.receiveEmbedMessage,!1),l.addEventListener(\"DOMContentLoaded\",function(){for(var e,t,s=l.querySelectorAll(\"iframe.wp-embedded-content\"),r=0;r<s.length;r++)(t=(e=s[r]).getAttribute(\"data-secret\"))||(t=Math.random().toString(36).substring(2,12),e.src+=\"#?secret=\"+t,e.setAttribute(\"data-secret\",t)),e.contentWindow.postMessage({message:\"ready\",secret:t},\"*\")},!1)))}(window,document);\n\/\/# sourceURL=https:\/\/www.lecollectifdesfestivals.org\/collectif\/wp-includes\/js\/wp-embed.min.js\n<\/script>\n","description":"FormaCulture Bretagne, Espace de coop\u00e9ration des acteur\u00b7ices de la formation professionnelle du domaine culturel en Bretagne, vous invite&nbsp;jeudi 25 janvier 2024, de 10h \u00e0 16h au Jardin Moderne \u00e0 Rennes, pour une rencontre r\u00e9gionale autour des enjeux de la formation dans le domaine culturel en Bretagne. Les membres de Formaculture Bretagne\u00a0agissent dans les secteurs du&hellip;&nbsp;Lire la suite &raquo;"}

Rencontre régionale autour des enjeux de la formation dans le domaine culturel en Bretagne &#8226; Le Collectif des festivals

<blockquote class="wp-embedded-content" data-secret="LjCvOdM5QQ"><a href="https://www.lecollectifdesfestivals.org/collectif/events/rencontre-regionale-formation/">Rencontre régionale autour des enjeux de la formation dans le domaine culturel en Bretagne</a></blockquote><iframe sandbox="allow-scripts" security="restricted" src="https://www.lecollectifdesfestivals.org/collectif/events/rencontre-regionale-formation/embed/#?secret=LjCvOdM5QQ" width="600" height="338" title="« Rencontre régionale autour des enjeux de la formation dans le domaine culturel en Bretagne » &#8212; Le Collectif des festivals" data-secret="LjCvOdM5QQ" frameborder="0" marginwidth="0" marginheight="0" scrolling="no" class="wp-embedded-content"></iframe><script>
/*! This file is auto-generated */
!function(d,l){"use strict";l.querySelector&&d.addEventListener&&"undefined"!=typeof URL&&(d.wp=d.wp||{},d.wp.receiveEmbedMessage||(d.wp.receiveEmbedMessage=function(e){var t=e.data;if((t||t.secret||t.message||t.value)&&!/[^a-zA-Z0-9]/.test(t.secret)){for(var s,r,n,a=l.querySelectorAll('iframe[data-secret="'+t.secret+'"]'),o=l.querySelectorAll('blockquote[data-secret="'+t.secret+'"]'),c=new RegExp("^https?:$","i"),i=0;i<o.length;i++)o[i].style.display="none";for(i=0;i<a.length;i++)s=a[i],e.source===s.contentWindow&&(s.removeAttribute("style"),"height"===t.message?(1e3<(r=parseInt(t.value,10))?r=1e3:~~r<200&&(r=200),s.height=r):"link"===t.message&&(r=new URL(s.getAttribute("src")),n=new URL(t.value),c.test(n.protocol))&&n.host===r.host&&l.activeElement===s&&(d.top.location.href=t.value))}},d.addEventListener("message",d.wp.receiveEmbedMessage,!1),l.addEventListener("DOMContentLoaded",function(){for(var e,t,s=l.querySelectorAll("iframe.wp-embedded-content"),r=0;r<s.length;r++)(t=(e=s[r]).getAttribute("data-secret"))||(t=Math.random().toString(36).substring(2,12),e.src+="#?secret="+t,e.setAttribute("data-secret",t)),e.contentWindow.postMessage({message:"ready",secret:t},"*")},!1)))}(window,document);
//# sourceURL=https://www.lecollectifdesfestivals.org/collectif/wp-includes/js/wp-embed.min.js
</script>

FormaCulture Bretagne, Espace de coopération des acteur·ices de la formation professionnelle du domaine culturel en Bretagne, vous invite&nbsp;jeudi 25 janvier 2024, de 10h à 16h au Jardin Moderne à Rennes, pour une rencontre régionale autour des enjeux de la formation dans le domaine culturel en Bretagne. Les membres de Formaculture Bretagne agissent dans les secteurs du&hellip;&nbsp;Lire la suite &raquo;
