{"id":24204,"date":"2023-10-18T10:57:11","date_gmt":"2023-10-18T08:57:11","guid":{"rendered":"https:\/\/www.lecollectifdesfestivals.org\/collectif\/?post_type=mec-events&#038;p=24204"},"modified":"2025-03-12T10:18:42","modified_gmt":"2025-03-12T09:18:42","slug":"agir-en-responsabilite-pour-les-acteurices-culturelles","status":"publish","type":"mec-events","link":"https:\/\/www.lecollectifdesfestivals.org\/collectif\/events\/agir-en-responsabilite-pour-les-acteurices-culturelles\/","title":{"rendered":"Agir en responsabilit\u00e9 pour les acteurices culturelles"},"content":{"rendered":"\n<p><em><strong>Une table ronde propos\u00e9e par le Collectif des festivals, la FEDELIMA et les Rencontres Trans Musicales, dans le cadre de Musiques et soci\u00e9t\u00e9s<\/strong><\/em><\/p>\n\n\n\n<p>\u00ab<em> Quelle que soit la faiblesse de la parole face \u00e0 la contrainte des choses et face \u00e0 la pouss\u00e9e des int\u00e9r\u00eats, elle peut n\u00e9anmoins contribuer \u00e0 ce que cette conscience franchisse le pas de la crainte vers la responsabilit\u00e9 pour l\u2019avenir menac\u00e9 et que nous devenions ainsi un peu plus disponibles pour ce que la cause de l\u2019humanit\u00e9 exigera de nous avec une urgence croissante.<\/em> \u00bb Nous disait Hans Jonas, philosophe de la responsabilit\u00e9 \u00e0 l\u2019aube des ann\u00e9es 80.<\/p>\n\n\n\n<p>Qu\u2019est-ce qu\u2019agir en responsabilit\u00e9 aujourd\u2019hui ? C\u2019est la question que nous poserons lors de cette table ronde.<\/p>\n\n\n\n<p>Nous abordons la responsabilit\u00e9 comme le devoir de rendre des comptes sur les impacts et les effets actuels et futurs de nos activit\u00e9s. La transition \u00e9cologique dans laquelle les acteur\u00b7rices culturel\u00b7les sont engag\u00e9s implique, au prisme de la notion de responsabilit\u00e9, des choix individuels et collectifs, de red\u00e9finir notre utilit\u00e9 sociale et d\u2019anticiper les \u00e9volutions \u00e0 venir. Les responsabilit\u00e9s individuelles et collectives sont \u00e0 identifier et partager et elles sont \u00e0 repenser au fur et \u00e0 mesure de la conscience que l\u2019on d\u00e9veloppe des enjeux et de ce qui nous appara\u00eet de plus en plus comme acceptable ou inacceptable.<\/p>\n\n\n\n<p><strong>Intervenant\u00b7e\u00b7s :&nbsp;<\/strong><\/p>\n\n\n\n<ul class=\"wp-block-list\">\n<li><strong>Ad\u00e9la\u00efde de Lastic<\/strong>, Docteure en philosophie, auteure, formatrice et consultante en \u00e9thique des organisations &amp; RSE<\/li>\n\n\n\n<li><strong>David Irle, <\/strong>consultant, \u00e9co-conseiller et formateur.<\/li>\n\n\n\n<li><strong>Gwendolenn Sharp <\/strong>fondatrice de&nbsp;<a href=\"https:\/\/www.thegreenroom.fr\/\">The Green Room<\/a>, une organisation \u0153uvrant pour le changement environnemental et soci\u00e9tal dans le secteur de la musique.<\/li>\n\n\n\n<li><strong>Nono<\/strong>, artiste.<\/li>\n\n\n\n<li><strong>Mod\u00e9ration : Arnaud Wassmer, <\/strong>journaliste.<\/li>\n<\/ul>\n\n\n\n<div style=\"height:40px\" aria-hidden=\"true\" class=\"wp-block-spacer\"><\/div>\n\n\n\n<div class=\"wp-block-buttons is-layout-flex wp-block-buttons-is-layout-flex\">\n<div class=\"wp-block-button\"><a class=\"wp-block-button__link has-neve-link-hover-color-background-color has-background wp-element-button\" href=\"https:\/\/rencontres-et-debats.lestrans.com\/le-programme\/#\/detail\/agir-en-responsabilite-pour-les-acteurices-culturel-les\" target=\"_blank\" rel=\"noreferrer noopener\">S&rsquo;inscrire<\/a><\/div>\n<\/div>\n","protected":false},"excerpt":{"rendered":"<p>Une table ronde propos\u00e9e par le Collectif des festivals, la FEDELIMA et les Rencontres Trans Musicales, dans le cadre de Musiques et soci\u00e9t\u00e9s \u00ab Quelle que soit la faiblesse de la parole face \u00e0 la contrainte des choses et face \u00e0 la pouss\u00e9e des int\u00e9r\u00eats, elle peut n\u00e9anmoins contribuer \u00e0 ce que cette conscience franchisse&hellip;&nbsp;<a href=\"https:\/\/www.lecollectifdesfestivals.org\/collectif\/events\/agir-en-responsabilite-pour-les-acteurices-culturelles\/\" rel=\"bookmark\">Lire la suite &raquo;<span class=\"screen-reader-text\">Agir en responsabilit\u00e9 pour les acteurices culturelles<\/span><\/a><\/p>\n","protected":false},"author":1,"featured_media":0,"comment_status":"closed","ping_status":"closed","template":"","tags":[486],"mec_category":[482],"class_list":["post-24204","mec-events","type-mec-events","status-publish","hentry","tag-pilotage","mec_category-table-ronde-2"],"yoast_head":"<!-- This site is optimized with the Yoast SEO plugin v27.4 - https:\/\/yoast.com\/product\/yoast-seo-wordpress\/ -->\n<title>Agir en responsabilit\u00e9 pour les acteurices culturelles &#8226; Le Collectif des festivals<\/title>\n<meta name=\"robots\" content=\"index, follow, max-snippet:-1, max-image-preview:large, max-video-preview:-1\" \/>\n<link rel=\"canonical\" href=\"https:\/\/www.lecollectifdesfestivals.org\/collectif\/events\/agir-en-responsabilite-pour-les-acteurices-culturelles\/\" \/>\n<meta property=\"og:locale\" content=\"fr_FR\" \/>\n<meta property=\"og:type\" content=\"article\" \/>\n<meta property=\"og:title\" content=\"Agir en responsabilit\u00e9 pour les acteurices culturelles &#8226; Le Collectif des festivals\" \/>\n<meta property=\"og:description\" content=\"Une table ronde propos\u00e9e par le Collectif des festivals, la FEDELIMA et les Rencontres Trans Musicales, dans le cadre de Musiques et soci\u00e9t\u00e9s \u00ab Quelle que soit la faiblesse de la parole face \u00e0 la contrainte des choses et face \u00e0 la pouss\u00e9e des int\u00e9r\u00eats, elle peut n\u00e9anmoins contribuer \u00e0 ce que cette conscience franchisse&hellip;&nbsp;Lire la suite &raquo;Agir en responsabilit\u00e9 pour les acteurices culturelles\" \/>\n<meta property=\"og:url\" content=\"https:\/\/www.lecollectifdesfestivals.org\/collectif\/events\/agir-en-responsabilite-pour-les-acteurices-culturelles\/\" \/>\n<meta property=\"og:site_name\" content=\"Le Collectif des festivals\" \/>\n<meta property=\"article:publisher\" content=\"https:\/\/www.facebook.com\/LeCollectifDesFestivals\/\" \/>\n<meta property=\"article:modified_time\" content=\"2025-03-12T09:18:42+00:00\" \/>\n<meta name=\"twitter:card\" content=\"summary_large_image\" \/>\n<meta name=\"twitter:site\" content=\"@CollFestivals\" \/>\n<meta name=\"twitter:label1\" content=\"Dur\u00e9e de lecture estim\u00e9e\" \/>\n\t<meta name=\"twitter:data1\" content=\"2 minutes\" \/>\n<script type=\"application\/ld+json\" class=\"yoast-schema-graph\">{\"@context\":\"https:\\\/\\\/schema.org\",\"@graph\":[{\"@type\":\"WebPage\",\"@id\":\"https:\\\/\\\/www.lecollectifdesfestivals.org\\\/collectif\\\/events\\\/agir-en-responsabilite-pour-les-acteurices-culturelles\\\/\",\"url\":\"https:\\\/\\\/www.lecollectifdesfestivals.org\\\/collectif\\\/events\\\/agir-en-responsabilite-pour-les-acteurices-culturelles\\\/\",\"name\":\"Agir en responsabilit\u00e9 pour les acteurices culturelles &#8226; Le Collectif des festivals\",\"isPartOf\":{\"@id\":\"https:\\\/\\\/www.lecollectifdesfestivals.org\\\/collectif\\\/#website\"},\"datePublished\":\"2023-10-18T08:57:11+00:00\",\"dateModified\":\"2025-03-12T09:18:42+00:00\",\"breadcrumb\":{\"@id\":\"https:\\\/\\\/www.lecollectifdesfestivals.org\\\/collectif\\\/events\\\/agir-en-responsabilite-pour-les-acteurices-culturelles\\\/#breadcrumb\"},\"inLanguage\":\"fr-FR\",\"potentialAction\":[{\"@type\":\"ReadAction\",\"target\":[\"https:\\\/\\\/www.lecollectifdesfestivals.org\\\/collectif\\\/events\\\/agir-en-responsabilite-pour-les-acteurices-culturelles\\\/\"]}]},{\"@type\":\"BreadcrumbList\",\"@id\":\"https:\\\/\\\/www.lecollectifdesfestivals.org\\\/collectif\\\/events\\\/agir-en-responsabilite-pour-les-acteurices-culturelles\\\/#breadcrumb\",\"itemListElement\":[{\"@type\":\"ListItem\",\"position\":1,\"name\":\"Accueil\",\"item\":\"https:\\\/\\\/www.lecollectifdesfestivals.org\\\/collectif\\\/\"},{\"@type\":\"ListItem\",\"position\":2,\"name\":\"\u00c9venements\",\"item\":\"https:\\\/\\\/www.lecollectifdesfestivals.org\\\/collectif\\\/events\\\/\"},{\"@type\":\"ListItem\",\"position\":3,\"name\":\"Agir en responsabilit\u00e9 pour les acteurices culturelles\"}]},{\"@type\":\"WebSite\",\"@id\":\"https:\\\/\\\/www.lecollectifdesfestivals.org\\\/collectif\\\/#website\",\"url\":\"https:\\\/\\\/www.lecollectifdesfestivals.org\\\/collectif\\\/\",\"name\":\"Le Collectif des festivals\",\"description\":\"Depuis 2005, le Collectif des festivals accompagne les acteurices culturel\u00b7les dans leurs d\u00e9marches de d\u00e9veloppement durable.\",\"potentialAction\":[{\"@type\":\"SearchAction\",\"target\":{\"@type\":\"EntryPoint\",\"urlTemplate\":\"https:\\\/\\\/www.lecollectifdesfestivals.org\\\/collectif\\\/?s={search_term_string}\"},\"query-input\":{\"@type\":\"PropertyValueSpecification\",\"valueRequired\":true,\"valueName\":\"search_term_string\"}}],\"inLanguage\":\"fr-FR\"}]}<\/script>\n<!-- \/ Yoast SEO plugin. -->","yoast_head_json":{"title":"Agir en responsabilit\u00e9 pour les acteurices culturelles &#8226; Le Collectif des festivals","robots":{"index":"index","follow":"follow","max-snippet":"max-snippet:-1","max-image-preview":"max-image-preview:large","max-video-preview":"max-video-preview:-1"},"canonical":"https:\/\/www.lecollectifdesfestivals.org\/collectif\/events\/agir-en-responsabilite-pour-les-acteurices-culturelles\/","og_locale":"fr_FR","og_type":"article","og_title":"Agir en responsabilit\u00e9 pour les acteurices culturelles &#8226; Le Collectif des festivals","og_description":"Une table ronde propos\u00e9e par le Collectif des festivals, la FEDELIMA et les Rencontres Trans Musicales, dans le cadre de Musiques et soci\u00e9t\u00e9s \u00ab Quelle que soit la faiblesse de la parole face \u00e0 la contrainte des choses et face \u00e0 la pouss\u00e9e des int\u00e9r\u00eats, elle peut n\u00e9anmoins contribuer \u00e0 ce que cette conscience franchisse&hellip;&nbsp;Lire la suite &raquo;Agir en responsabilit\u00e9 pour les acteurices culturelles","og_url":"https:\/\/www.lecollectifdesfestivals.org\/collectif\/events\/agir-en-responsabilite-pour-les-acteurices-culturelles\/","og_site_name":"Le Collectif des festivals","article_publisher":"https:\/\/www.facebook.com\/LeCollectifDesFestivals\/","article_modified_time":"2025-03-12T09:18:42+00:00","twitter_card":"summary_large_image","twitter_site":"@CollFestivals","twitter_misc":{"Dur\u00e9e de lecture estim\u00e9e":"2 minutes"},"schema":{"@context":"https:\/\/schema.org","@graph":[{"@type":"WebPage","@id":"https:\/\/www.lecollectifdesfestivals.org\/collectif\/events\/agir-en-responsabilite-pour-les-acteurices-culturelles\/","url":"https:\/\/www.lecollectifdesfestivals.org\/collectif\/events\/agir-en-responsabilite-pour-les-acteurices-culturelles\/","name":"Agir en responsabilit\u00e9 pour les acteurices culturelles &#8226; Le Collectif des festivals","isPartOf":{"@id":"https:\/\/www.lecollectifdesfestivals.org\/collectif\/#website"},"datePublished":"2023-10-18T08:57:11+00:00","dateModified":"2025-03-12T09:18:42+00:00","breadcrumb":{"@id":"https:\/\/www.lecollectifdesfestivals.org\/collectif\/events\/agir-en-responsabilite-pour-les-acteurices-culturelles\/#breadcrumb"},"inLanguage":"fr-FR","potentialAction":[{"@type":"ReadAction","target":["https:\/\/www.lecollectifdesfestivals.org\/collectif\/events\/agir-en-responsabilite-pour-les-acteurices-culturelles\/"]}]},{"@type":"BreadcrumbList","@id":"https:\/\/www.lecollectifdesfestivals.org\/collectif\/events\/agir-en-responsabilite-pour-les-acteurices-culturelles\/#breadcrumb","itemListElement":[{"@type":"ListItem","position":1,"name":"Accueil","item":"https:\/\/www.lecollectifdesfestivals.org\/collectif\/"},{"@type":"ListItem","position":2,"name":"\u00c9venements","item":"https:\/\/www.lecollectifdesfestivals.org\/collectif\/events\/"},{"@type":"ListItem","position":3,"name":"Agir en responsabilit\u00e9 pour les acteurices culturelles"}]},{"@type":"WebSite","@id":"https:\/\/www.lecollectifdesfestivals.org\/collectif\/#website","url":"https:\/\/www.lecollectifdesfestivals.org\/collectif\/","name":"Le Collectif des festivals","description":"Depuis 2005, le Collectif des festivals accompagne les acteurices culturel\u00b7les dans leurs d\u00e9marches de d\u00e9veloppement durable.","potentialAction":[{"@type":"SearchAction","target":{"@type":"EntryPoint","urlTemplate":"https:\/\/www.lecollectifdesfestivals.org\/collectif\/?s={search_term_string}"},"query-input":{"@type":"PropertyValueSpecification","valueRequired":true,"valueName":"search_term_string"}}],"inLanguage":"fr-FR"}]}},"_links":{"self":[{"href":"https:\/\/www.lecollectifdesfestivals.org\/collectif\/wp-json\/wp\/v2\/mec-events\/24204","targetHints":{"allow":["GET"]}}],"collection":[{"href":"https:\/\/www.lecollectifdesfestivals.org\/collectif\/wp-json\/wp\/v2\/mec-events"}],"about":[{"href":"https:\/\/www.lecollectifdesfestivals.org\/collectif\/wp-json\/wp\/v2\/types\/mec-events"}],"author":[{"embeddable":true,"href":"https:\/\/www.lecollectifdesfestivals.org\/collectif\/wp-json\/wp\/v2\/users\/1"}],"replies":[{"embeddable":true,"href":"https:\/\/www.lecollectifdesfestivals.org\/collectif\/wp-json\/wp\/v2\/comments?post=24204"}],"wp:attachment":[{"href":"https:\/\/www.lecollectifdesfestivals.org\/collectif\/wp-json\/wp\/v2\/media?parent=24204"}],"wp:term":[{"taxonomy":"post_tag","embeddable":true,"href":"https:\/\/www.lecollectifdesfestivals.org\/collectif\/wp-json\/wp\/v2\/tags?post=24204"},{"taxonomy":"mec_category","embeddable":true,"href":"https:\/\/www.lecollectifdesfestivals.org\/collectif\/wp-json\/wp\/v2\/mec_category?post=24204"}],"curies":[{"name":"wp","href":"https:\/\/api.w.org\/{rel}","templated":true}]}}

Agir en responsabilité pour les acteurices culturelles

<p><em><strong>Une table ronde proposée par le Collectif des festivals, la FEDELIMA et les Rencontres Trans Musicales, dans le cadre de Musiques et sociétés</strong></em></p>



<p>«<em> Quelle que soit la faiblesse de la parole face à la contrainte des choses et face à la poussée des intérêts, elle peut néanmoins contribuer à ce que cette conscience franchisse le pas de la crainte vers la responsabilité pour l’avenir menacé et que nous devenions ainsi un peu plus disponibles pour ce que la cause de l’humanité exigera de nous avec une urgence croissante.</em> » Nous disait Hans Jonas, philosophe de la responsabilité à l’aube des années 80.</p>



<p>Qu’est-ce qu’agir en responsabilité aujourd’hui ? C’est la question que nous poserons lors de cette table ronde.</p>



<p>Nous abordons la responsabilité comme le devoir de rendre des comptes sur les impacts et les effets actuels et futurs de nos activités. La transition écologique dans laquelle les acteur·rices culturel·les sont engagés implique, au prisme de la notion de responsabilité, des choix individuels et collectifs, de redéfinir notre utilité sociale et d’anticiper les évolutions à venir. Les responsabilités individuelles et collectives sont à identifier et partager et elles sont à repenser au fur et à mesure de la conscience que l’on développe des enjeux et de ce qui nous apparaît de plus en plus comme acceptable ou inacceptable.</p>



<p><strong>Intervenant·e·s :&nbsp;</strong></p>



<ul class="wp-block-list">
<li><strong>Adélaïde de Lastic</strong>, Docteure en philosophie, auteure, formatrice et consultante en éthique des organisations &amp; RSE</li>



<li><strong>David Irle, </strong>consultant, éco-conseiller et formateur.</li>



<li><strong>Gwendolenn Sharp </strong>fondatrice de&nbsp;<a href="https://www.thegreenroom.fr/">The Green Room</a>, une organisation œuvrant pour le changement environnemental et sociétal dans le secteur de la musique.</li>



<li><strong>Nono</strong>, artiste.</li>



<li><strong>Modération : Arnaud Wassmer, </strong>journaliste.</li>
</ul>



<div style="height:40px" aria-hidden="true" class="wp-block-spacer"></div>



<div class="wp-block-buttons is-layout-flex wp-block-buttons-is-layout-flex">
<div class="wp-block-button"><a class="wp-block-button__link has-neve-link-hover-color-background-color has-background wp-element-button" href="https://rencontres-et-debats.lestrans.com/le-programme/#/detail/agir-en-responsabilite-pour-les-acteurices-culturel-les" target="_blank" rel="noreferrer noopener">S&rsquo;inscrire</a></div>
</div>

<p>Une table ronde proposée par le Collectif des festivals, la FEDELIMA et les Rencontres Trans Musicales, dans le cadre de Musiques et sociétés « Quelle que soit la faiblesse de la parole face à la contrainte des choses et face à la poussée des intérêts, elle peut néanmoins contribuer à ce que cette conscience franchisse&hellip;&nbsp;<a href="https://www.lecollectifdesfestivals.org/collectif/events/agir-en-responsabilite-pour-les-acteurices-culturelles/" rel="bookmark">Lire la suite &raquo;<span class="screen-reader-text">Agir en responsabilité pour les acteurices culturelles</span></a></p>

<!-- This site is optimized with the Yoast SEO plugin v27.4 - https://yoast.com/product/yoast-seo-wordpress/ -->
<title>Agir en responsabilité pour les acteurices culturelles &#8226; Le Collectif des festivals</title>
<meta name="robots" content="index, follow, max-snippet:-1, max-image-preview:large, max-video-preview:-1" />
<link rel="canonical" href="https://www.lecollectifdesfestivals.org/collectif/events/agir-en-responsabilite-pour-les-acteurices-culturelles/" />
<meta property="og:locale" content="fr_FR" />
<meta property="og:type" content="article" />
<meta property="og:title" content="Agir en responsabilité pour les acteurices culturelles &#8226; Le Collectif des festivals" />
<meta property="og:description" content="Une table ronde proposée par le Collectif des festivals, la FEDELIMA et les Rencontres Trans Musicales, dans le cadre de Musiques et sociétés « Quelle que soit la faiblesse de la parole face à la contrainte des choses et face à la poussée des intérêts, elle peut néanmoins contribuer à ce que cette conscience franchisse&hellip;&nbsp;Lire la suite &raquo;Agir en responsabilité pour les acteurices culturelles" />
<meta property="og:url" content="https://www.lecollectifdesfestivals.org/collectif/events/agir-en-responsabilite-pour-les-acteurices-culturelles/" />
<meta property="og:site_name" content="Le Collectif des festivals" />
<meta property="article:publisher" content="https://www.facebook.com/LeCollectifDesFestivals/" />
<meta property="article:modified_time" content="2025-03-12T09:18:42+00:00" />
<meta name="twitter:card" content="summary_large_image" />
<meta name="twitter:site" content="@CollFestivals" />
<meta name="twitter:label1" content="Durée de lecture estimée" />
	<meta name="twitter:data1" content="2 minutes" />
<script type="application/ld+json" class="yoast-schema-graph">{"@context":"https:\/\/schema.org","@graph":[{"@type":"WebPage","@id":"https:\/\/www.lecollectifdesfestivals.org\/collectif\/events\/agir-en-responsabilite-pour-les-acteurices-culturelles\/","url":"https:\/\/www.lecollectifdesfestivals.org\/collectif\/events\/agir-en-responsabilite-pour-les-acteurices-culturelles\/","name":"Agir en responsabilité pour les acteurices culturelles &#8226; Le Collectif des festivals","isPartOf":{"@id":"https:\/\/www.lecollectifdesfestivals.org\/collectif\/#website"},"datePublished":"2023-10-18T08:57:11+00:00","dateModified":"2025-03-12T09:18:42+00:00","breadcrumb":{"@id":"https:\/\/www.lecollectifdesfestivals.org\/collectif\/events\/agir-en-responsabilite-pour-les-acteurices-culturelles\/#breadcrumb"},"inLanguage":"fr-FR","potentialAction":[{"@type":"ReadAction","target":["https:\/\/www.lecollectifdesfestivals.org\/collectif\/events\/agir-en-responsabilite-pour-les-acteurices-culturelles\/"]}]},{"@type":"BreadcrumbList","@id":"https:\/\/www.lecollectifdesfestivals.org\/collectif\/events\/agir-en-responsabilite-pour-les-acteurices-culturelles\/#breadcrumb","itemListElement":[{"@type":"ListItem","position":1,"name":"Accueil","item":"https:\/\/www.lecollectifdesfestivals.org\/collectif\/"},{"@type":"ListItem","position":2,"name":"Évenements","item":"https:\/\/www.lecollectifdesfestivals.org\/collectif\/events\/"},{"@type":"ListItem","position":3,"name":"Agir en responsabilité pour les acteurices culturelles"}]},{"@type":"WebSite","@id":"https:\/\/www.lecollectifdesfestivals.org\/collectif\/#website","url":"https:\/\/www.lecollectifdesfestivals.org\/collectif\/","name":"Le Collectif des festivals","description":"Depuis 2005, le Collectif des festivals accompagne les acteurices culturel·les dans leurs démarches de développement durable.","potentialAction":[{"@type":"SearchAction","target":{"@type":"EntryPoint","urlTemplate":"https:\/\/www.lecollectifdesfestivals.org\/collectif\/?s={search_term_string}"},"query-input":{"@type":"PropertyValueSpecification","valueRequired":true,"valueName":"search_term_string"}}],"inLanguage":"fr-FR"}]}</script>
<!-- / Yoast SEO plugin. -->

Agir en responsabilité pour les acteurices culturelles &#8226; Le Collectif des festivals

Une table ronde proposée par le Collectif des festivals, la FEDELIMA et les Rencontres Trans Musicales, dans le cadre de Musiques et sociétés « Quelle que soit la faiblesse de la parole face à la contrainte des choses et face à la poussée des intérêts, elle peut néanmoins contribuer à ce que cette conscience franchisse&hellip;&nbsp;Lire la suite &raquo;Agir en responsabilité pour les acteurices culturelles

Évenements

Depuis 2005, le Collectif des festivals accompagne les acteurices culturel·les dans leurs démarches de développement durable.
