{"id":24423,"date":"2023-11-07T15:08:14","date_gmt":"2023-11-07T14:08:14","guid":{"rendered":"https:\/\/www.lecollectifdesfestivals.org\/collectif\/?post_type=mec-events&#038;p=24423"},"modified":"2024-06-05T17:34:48","modified_gmt":"2024-06-05T15:34:48","slug":"rencontre-regionale-formation","status":"publish","type":"mec-events","link":"https:\/\/www.lecollectifdesfestivals.org\/collectif\/events\/rencontre-regionale-formation\/","title":{"rendered":"Rencontre r\u00e9gionale autour des enjeux de la formation dans le domaine culturel en Bretagne"},"content":{"rendered":"\n<p>FormaCulture Bretagne, Espace de coop\u00e9ration des acteur\u00b7ices de la formation professionnelle du domaine culturel en Bretagne, vous invite&nbsp;<strong>jeudi 25 janvier 2024, de 10h \u00e0 16h au Jardin Moderne \u00e0 Rennes<\/strong>, pour une rencontre r\u00e9gionale autour des enjeux de la formation dans le domaine culturel en Bretagne.<\/p>\n\n\n\n<p><strong>Les membres de Formaculture Bretagne<\/strong>\u00a0agissent dans les secteurs du spectacle vivant, du cin\u00e9ma et des arts visuels et sonores, aupr\u00e8s des nombreux et nombreuses professionnel\u00b7les qui \u0153uvrent dans le domaine culturel en Bretagne : artistes, auteurices, artistes-interpr\u00e8tes, \u00e9lu\u00b7es et agent\u00b7es de collectivit\u00e9s publiques, charg\u00e9\u00b7es de production, responsables de structures culturelles, salari\u00e9\u00b7es et b\u00e9n\u00e9voles impliqu\u00e9\u00b7es dans l\u2019organisation d\u2019\u00e9v\u00e9nements ou d\u2019activit\u00e9s culturelles, enseignant\u00b7es d\u2019\u00e9tablissements d\u2019enseignement artistiques, professionnel\u00b7les de l\u2019audiovisuel et du cin\u00e9ma, jeunes adultes en insertion\u2026<\/p>\n\n\n\n<p>Ce groupe de travail a pour objectifs de d\u00e9velopper l\u2019interconnaissance et les mutualisations mais aussi de r\u00e9fl\u00e9chir ensemble aux enjeux de notre secteur (l\u2019\u00e9volution des m\u00e9tiers, les besoins en formation, la crise des vocations, le sens du travail, l\u2019acc\u00e8s et le droit \u00e0 la formation, les financements, les certifications, la coop\u00e9ration, la visibilit\u00e9 de l\u2019offre&#8230;).<\/p>\n\n\n\n<p><strong>La journ\u00e9e d\u2019ateliers et de d\u00e9bats que nous vous proposons<\/strong>&nbsp;nous permettra de faire un point sur le contexte et de nous interroger ensemble sur ces sujets. Elle nous aidera \u00e9galement \u00e0 partager nos besoins mais aussi \u00e0 \u00e9voquer comment toucher les publics les plus \u00e9loign\u00e9s de la formation, les artistes en particulier.<\/p>\n\n\n\n<p><strong>FormaCulture Bretagne<\/strong>&nbsp;est en cours de constitution et rassemble notamment : 40mcube, Culture Lab 29, Cyclorama, Drom \/ Kreiz Breizh Akademi, Electroni-k, Films en Bretagne, La Car\u00e8ne, La Grenade, La Maison du Th\u00e9\u00e2tre, Le Collectif des festivals, Le Jardin Moderne, Le Pont Sup\u00e9rieur, Longueur d\u2019Ondes, MADD 35, Marine De Bruyn, Membre du Collectif \u00ab De La Neige En \u00c9t\u00e9 \u00bb, Prisme, Supermab, Tout Atout\u2026<\/p>\n\n\n\n<p>Pour tout compl\u00e9ment d&rsquo;information n&rsquo;h\u00e9sitez pas \u00e0 nous contacter :&nbsp;<a href=\"mailto:formaculturebretagne@gmail.com\">formaculturebretagne@gmail.com<\/a>&nbsp;\/ 07 87 29 27 21<\/p>\n\n\n\n<div class=\"wp-block-buttons is-layout-flex wp-block-buttons-is-layout-flex\">\n<div class=\"wp-block-button\"><a class=\"wp-block-button__link has-neve-link-hover-color-background-color has-background wp-element-button\" href=\"https:\/\/framaforms.org\/rencontre-regionale-autour-des-enjeux-de-la-formation-dans-le-domaine-culturel-en-bretagne-25\" target=\"_blank\" rel=\"noreferrer noopener\">Inscription<\/a><\/div>\n<\/div>\n","protected":false},"excerpt":{"rendered":"<p>FormaCulture Bretagne, Espace de coop\u00e9ration des acteur\u00b7ices de la formation professionnelle du domaine culturel en Bretagne, vous invite&nbsp;jeudi 25 janvier 2024, de 10h \u00e0 16h au Jardin Moderne \u00e0 Rennes, pour une rencontre r\u00e9gionale autour des enjeux de la formation dans le domaine culturel en Bretagne. Les membres de Formaculture Bretagne\u00a0agissent dans les secteurs du&hellip;&nbsp;<a href=\"https:\/\/www.lecollectifdesfestivals.org\/collectif\/events\/rencontre-regionale-formation\/\" rel=\"bookmark\">Lire la suite &raquo;<span class=\"screen-reader-text\">Rencontre r\u00e9gionale autour des enjeux de la formation dans le domaine culturel en Bretagne<\/span><\/a><\/p>\n","protected":false},"author":1,"featured_media":0,"comment_status":"closed","ping_status":"closed","template":"","tags":[486],"mec_category":[483],"class_list":["post-24423","mec-events","type-mec-events","status-publish","hentry","tag-pilotage","mec_category-rencontre"],"yoast_head":"<!-- This site is optimized with the Yoast SEO plugin v27.4 - https:\/\/yoast.com\/product\/yoast-seo-wordpress\/ -->\n<title>Rencontre r\u00e9gionale autour des enjeux de la formation dans le domaine culturel en Bretagne &#8226; Le Collectif des festivals<\/title>\n<meta name=\"robots\" content=\"index, follow, max-snippet:-1, max-image-preview:large, max-video-preview:-1\" \/>\n<link rel=\"canonical\" href=\"https:\/\/www.lecollectifdesfestivals.org\/collectif\/events\/rencontre-regionale-formation\/\" \/>\n<meta property=\"og:locale\" content=\"fr_FR\" \/>\n<meta property=\"og:type\" content=\"article\" \/>\n<meta property=\"og:title\" content=\"Rencontre r\u00e9gionale autour des enjeux de la formation dans le domaine culturel en Bretagne &#8226; Le Collectif des festivals\" \/>\n<meta property=\"og:description\" content=\"FormaCulture Bretagne, Espace de coop\u00e9ration des acteur\u00b7ices de la formation professionnelle du domaine culturel en Bretagne, vous invite&nbsp;jeudi 25 janvier 2024, de 10h \u00e0 16h au Jardin Moderne \u00e0 Rennes, pour une rencontre r\u00e9gionale autour des enjeux de la formation dans le domaine culturel en Bretagne. Les membres de Formaculture Bretagne\u00a0agissent dans les secteurs du&hellip;&nbsp;Lire la suite &raquo;Rencontre r\u00e9gionale autour des enjeux de la formation dans le domaine culturel en Bretagne\" \/>\n<meta property=\"og:url\" content=\"https:\/\/www.lecollectifdesfestivals.org\/collectif\/events\/rencontre-regionale-formation\/\" \/>\n<meta property=\"og:site_name\" content=\"Le Collectif des festivals\" \/>\n<meta property=\"article:publisher\" content=\"https:\/\/www.facebook.com\/LeCollectifDesFestivals\/\" \/>\n<meta property=\"article:modified_time\" content=\"2024-06-05T15:34:48+00:00\" \/>\n<meta name=\"twitter:card\" content=\"summary_large_image\" \/>\n<meta name=\"twitter:site\" content=\"@CollFestivals\" \/>\n<meta name=\"twitter:label1\" content=\"Dur\u00e9e de lecture estim\u00e9e\" \/>\n\t<meta name=\"twitter:data1\" content=\"2 minutes\" \/>\n<script type=\"application\/ld+json\" class=\"yoast-schema-graph\">{\"@context\":\"https:\\\/\\\/schema.org\",\"@graph\":[{\"@type\":\"WebPage\",\"@id\":\"https:\\\/\\\/www.lecollectifdesfestivals.org\\\/collectif\\\/events\\\/rencontre-regionale-formation\\\/\",\"url\":\"https:\\\/\\\/www.lecollectifdesfestivals.org\\\/collectif\\\/events\\\/rencontre-regionale-formation\\\/\",\"name\":\"Rencontre r\u00e9gionale autour des enjeux de la formation dans le domaine culturel en Bretagne &#8226; Le Collectif des festivals\",\"isPartOf\":{\"@id\":\"https:\\\/\\\/www.lecollectifdesfestivals.org\\\/collectif\\\/#website\"},\"datePublished\":\"2023-11-07T14:08:14+00:00\",\"dateModified\":\"2024-06-05T15:34:48+00:00\",\"breadcrumb\":{\"@id\":\"https:\\\/\\\/www.lecollectifdesfestivals.org\\\/collectif\\\/events\\\/rencontre-regionale-formation\\\/#breadcrumb\"},\"inLanguage\":\"fr-FR\",\"potentialAction\":[{\"@type\":\"ReadAction\",\"target\":[\"https:\\\/\\\/www.lecollectifdesfestivals.org\\\/collectif\\\/events\\\/rencontre-regionale-formation\\\/\"]}]},{\"@type\":\"BreadcrumbList\",\"@id\":\"https:\\\/\\\/www.lecollectifdesfestivals.org\\\/collectif\\\/events\\\/rencontre-regionale-formation\\\/#breadcrumb\",\"itemListElement\":[{\"@type\":\"ListItem\",\"position\":1,\"name\":\"Accueil\",\"item\":\"https:\\\/\\\/www.lecollectifdesfestivals.org\\\/collectif\\\/\"},{\"@type\":\"ListItem\",\"position\":2,\"name\":\"\u00c9venements\",\"item\":\"https:\\\/\\\/www.lecollectifdesfestivals.org\\\/collectif\\\/events\\\/\"},{\"@type\":\"ListItem\",\"position\":3,\"name\":\"Rencontre r\u00e9gionale autour des enjeux de la formation dans le domaine culturel en Bretagne\"}]},{\"@type\":\"WebSite\",\"@id\":\"https:\\\/\\\/www.lecollectifdesfestivals.org\\\/collectif\\\/#website\",\"url\":\"https:\\\/\\\/www.lecollectifdesfestivals.org\\\/collectif\\\/\",\"name\":\"Le Collectif des festivals\",\"description\":\"Depuis 2005, le Collectif des festivals accompagne les acteurices culturel\u00b7les dans leurs d\u00e9marches de d\u00e9veloppement durable.\",\"potentialAction\":[{\"@type\":\"SearchAction\",\"target\":{\"@type\":\"EntryPoint\",\"urlTemplate\":\"https:\\\/\\\/www.lecollectifdesfestivals.org\\\/collectif\\\/?s={search_term_string}\"},\"query-input\":{\"@type\":\"PropertyValueSpecification\",\"valueRequired\":true,\"valueName\":\"search_term_string\"}}],\"inLanguage\":\"fr-FR\"}]}<\/script>\n<!-- \/ Yoast SEO plugin. -->","yoast_head_json":{"title":"Rencontre r\u00e9gionale autour des enjeux de la formation dans le domaine culturel en Bretagne &#8226; Le Collectif des festivals","robots":{"index":"index","follow":"follow","max-snippet":"max-snippet:-1","max-image-preview":"max-image-preview:large","max-video-preview":"max-video-preview:-1"},"canonical":"https:\/\/www.lecollectifdesfestivals.org\/collectif\/events\/rencontre-regionale-formation\/","og_locale":"fr_FR","og_type":"article","og_title":"Rencontre r\u00e9gionale autour des enjeux de la formation dans le domaine culturel en Bretagne &#8226; Le Collectif des festivals","og_description":"FormaCulture Bretagne, Espace de coop\u00e9ration des acteur\u00b7ices de la formation professionnelle du domaine culturel en Bretagne, vous invite&nbsp;jeudi 25 janvier 2024, de 10h \u00e0 16h au Jardin Moderne \u00e0 Rennes, pour une rencontre r\u00e9gionale autour des enjeux de la formation dans le domaine culturel en Bretagne. Les membres de Formaculture Bretagne\u00a0agissent dans les secteurs du&hellip;&nbsp;Lire la suite &raquo;Rencontre r\u00e9gionale autour des enjeux de la formation dans le domaine culturel en Bretagne","og_url":"https:\/\/www.lecollectifdesfestivals.org\/collectif\/events\/rencontre-regionale-formation\/","og_site_name":"Le Collectif des festivals","article_publisher":"https:\/\/www.facebook.com\/LeCollectifDesFestivals\/","article_modified_time":"2024-06-05T15:34:48+00:00","twitter_card":"summary_large_image","twitter_site":"@CollFestivals","twitter_misc":{"Dur\u00e9e de lecture estim\u00e9e":"2 minutes"},"schema":{"@context":"https:\/\/schema.org","@graph":[{"@type":"WebPage","@id":"https:\/\/www.lecollectifdesfestivals.org\/collectif\/events\/rencontre-regionale-formation\/","url":"https:\/\/www.lecollectifdesfestivals.org\/collectif\/events\/rencontre-regionale-formation\/","name":"Rencontre r\u00e9gionale autour des enjeux de la formation dans le domaine culturel en Bretagne &#8226; Le Collectif des festivals","isPartOf":{"@id":"https:\/\/www.lecollectifdesfestivals.org\/collectif\/#website"},"datePublished":"2023-11-07T14:08:14+00:00","dateModified":"2024-06-05T15:34:48+00:00","breadcrumb":{"@id":"https:\/\/www.lecollectifdesfestivals.org\/collectif\/events\/rencontre-regionale-formation\/#breadcrumb"},"inLanguage":"fr-FR","potentialAction":[{"@type":"ReadAction","target":["https:\/\/www.lecollectifdesfestivals.org\/collectif\/events\/rencontre-regionale-formation\/"]}]},{"@type":"BreadcrumbList","@id":"https:\/\/www.lecollectifdesfestivals.org\/collectif\/events\/rencontre-regionale-formation\/#breadcrumb","itemListElement":[{"@type":"ListItem","position":1,"name":"Accueil","item":"https:\/\/www.lecollectifdesfestivals.org\/collectif\/"},{"@type":"ListItem","position":2,"name":"\u00c9venements","item":"https:\/\/www.lecollectifdesfestivals.org\/collectif\/events\/"},{"@type":"ListItem","position":3,"name":"Rencontre r\u00e9gionale autour des enjeux de la formation dans le domaine culturel en Bretagne"}]},{"@type":"WebSite","@id":"https:\/\/www.lecollectifdesfestivals.org\/collectif\/#website","url":"https:\/\/www.lecollectifdesfestivals.org\/collectif\/","name":"Le Collectif des festivals","description":"Depuis 2005, le Collectif des festivals accompagne les acteurices culturel\u00b7les dans leurs d\u00e9marches de d\u00e9veloppement durable.","potentialAction":[{"@type":"SearchAction","target":{"@type":"EntryPoint","urlTemplate":"https:\/\/www.lecollectifdesfestivals.org\/collectif\/?s={search_term_string}"},"query-input":{"@type":"PropertyValueSpecification","valueRequired":true,"valueName":"search_term_string"}}],"inLanguage":"fr-FR"}]}},"_links":{"self":[{"href":"https:\/\/www.lecollectifdesfestivals.org\/collectif\/wp-json\/wp\/v2\/mec-events\/24423","targetHints":{"allow":["GET"]}}],"collection":[{"href":"https:\/\/www.lecollectifdesfestivals.org\/collectif\/wp-json\/wp\/v2\/mec-events"}],"about":[{"href":"https:\/\/www.lecollectifdesfestivals.org\/collectif\/wp-json\/wp\/v2\/types\/mec-events"}],"author":[{"embeddable":true,"href":"https:\/\/www.lecollectifdesfestivals.org\/collectif\/wp-json\/wp\/v2\/users\/1"}],"replies":[{"embeddable":true,"href":"https:\/\/www.lecollectifdesfestivals.org\/collectif\/wp-json\/wp\/v2\/comments?post=24423"}],"wp:attachment":[{"href":"https:\/\/www.lecollectifdesfestivals.org\/collectif\/wp-json\/wp\/v2\/media?parent=24423"}],"wp:term":[{"taxonomy":"post_tag","embeddable":true,"href":"https:\/\/www.lecollectifdesfestivals.org\/collectif\/wp-json\/wp\/v2\/tags?post=24423"},{"taxonomy":"mec_category","embeddable":true,"href":"https:\/\/www.lecollectifdesfestivals.org\/collectif\/wp-json\/wp\/v2\/mec_category?post=24423"}],"curies":[{"name":"wp","href":"https:\/\/api.w.org\/{rel}","templated":true}]}}

Rencontre régionale autour des enjeux de la formation dans le domaine culturel en Bretagne

<p>FormaCulture Bretagne, Espace de coopération des acteur·ices de la formation professionnelle du domaine culturel en Bretagne, vous invite&nbsp;<strong>jeudi 25 janvier 2024, de 10h à 16h au Jardin Moderne à Rennes</strong>, pour une rencontre régionale autour des enjeux de la formation dans le domaine culturel en Bretagne.</p>



<p><strong>Les membres de Formaculture Bretagne</strong> agissent dans les secteurs du spectacle vivant, du cinéma et des arts visuels et sonores, auprès des nombreux et nombreuses professionnel·les qui œuvrent dans le domaine culturel en Bretagne : artistes, auteurices, artistes-interprètes, élu·es et agent·es de collectivités publiques, chargé·es de production, responsables de structures culturelles, salarié·es et bénévoles impliqué·es dans l’organisation d’événements ou d’activités culturelles, enseignant·es d’établissements d’enseignement artistiques, professionnel·les de l’audiovisuel et du cinéma, jeunes adultes en insertion…</p>



<p>Ce groupe de travail a pour objectifs de développer l’interconnaissance et les mutualisations mais aussi de réfléchir ensemble aux enjeux de notre secteur (l’évolution des métiers, les besoins en formation, la crise des vocations, le sens du travail, l’accès et le droit à la formation, les financements, les certifications, la coopération, la visibilité de l’offre&#8230;).</p>



<p><strong>La journée d’ateliers et de débats que nous vous proposons</strong>&nbsp;nous permettra de faire un point sur le contexte et de nous interroger ensemble sur ces sujets. Elle nous aidera également à partager nos besoins mais aussi à évoquer comment toucher les publics les plus éloignés de la formation, les artistes en particulier.</p>



<p><strong>FormaCulture Bretagne</strong>&nbsp;est en cours de constitution et rassemble notamment : 40mcube, Culture Lab 29, Cyclorama, Drom / Kreiz Breizh Akademi, Electroni-k, Films en Bretagne, La Carène, La Grenade, La Maison du Théâtre, Le Collectif des festivals, Le Jardin Moderne, Le Pont Supérieur, Longueur d’Ondes, MADD 35, Marine De Bruyn, Membre du Collectif « De La Neige En Été », Prisme, Supermab, Tout Atout…</p>



<p>Pour tout complément d&rsquo;information n&rsquo;hésitez pas à nous contacter :&nbsp;<a href="mailto:formaculturebretagne@gmail.com">formaculturebretagne@gmail.com</a>&nbsp;/ 07 87 29 27 21</p>



<div class="wp-block-buttons is-layout-flex wp-block-buttons-is-layout-flex">
<div class="wp-block-button"><a class="wp-block-button__link has-neve-link-hover-color-background-color has-background wp-element-button" href="https://framaforms.org/rencontre-regionale-autour-des-enjeux-de-la-formation-dans-le-domaine-culturel-en-bretagne-25" target="_blank" rel="noreferrer noopener">Inscription</a></div>
</div>

<p>FormaCulture Bretagne, Espace de coopération des acteur·ices de la formation professionnelle du domaine culturel en Bretagne, vous invite&nbsp;jeudi 25 janvier 2024, de 10h à 16h au Jardin Moderne à Rennes, pour une rencontre régionale autour des enjeux de la formation dans le domaine culturel en Bretagne. Les membres de Formaculture Bretagne agissent dans les secteurs du&hellip;&nbsp;<a href="https://www.lecollectifdesfestivals.org/collectif/events/rencontre-regionale-formation/" rel="bookmark">Lire la suite &raquo;<span class="screen-reader-text">Rencontre régionale autour des enjeux de la formation dans le domaine culturel en Bretagne</span></a></p>

<!-- This site is optimized with the Yoast SEO plugin v27.4 - https://yoast.com/product/yoast-seo-wordpress/ -->
<title>Rencontre régionale autour des enjeux de la formation dans le domaine culturel en Bretagne &#8226; Le Collectif des festivals</title>
<meta name="robots" content="index, follow, max-snippet:-1, max-image-preview:large, max-video-preview:-1" />
<link rel="canonical" href="https://www.lecollectifdesfestivals.org/collectif/events/rencontre-regionale-formation/" />
<meta property="og:locale" content="fr_FR" />
<meta property="og:type" content="article" />
<meta property="og:title" content="Rencontre régionale autour des enjeux de la formation dans le domaine culturel en Bretagne &#8226; Le Collectif des festivals" />
<meta property="og:description" content="FormaCulture Bretagne, Espace de coopération des acteur·ices de la formation professionnelle du domaine culturel en Bretagne, vous invite&nbsp;jeudi 25 janvier 2024, de 10h à 16h au Jardin Moderne à Rennes, pour une rencontre régionale autour des enjeux de la formation dans le domaine culturel en Bretagne. Les membres de Formaculture Bretagne agissent dans les secteurs du&hellip;&nbsp;Lire la suite &raquo;Rencontre régionale autour des enjeux de la formation dans le domaine culturel en Bretagne" />
<meta property="og:url" content="https://www.lecollectifdesfestivals.org/collectif/events/rencontre-regionale-formation/" />
<meta property="og:site_name" content="Le Collectif des festivals" />
<meta property="article:publisher" content="https://www.facebook.com/LeCollectifDesFestivals/" />
<meta property="article:modified_time" content="2024-06-05T15:34:48+00:00" />
<meta name="twitter:card" content="summary_large_image" />
<meta name="twitter:site" content="@CollFestivals" />
<meta name="twitter:label1" content="Durée de lecture estimée" />
	<meta name="twitter:data1" content="2 minutes" />
<script type="application/ld+json" class="yoast-schema-graph">{"@context":"https:\/\/schema.org","@graph":[{"@type":"WebPage","@id":"https:\/\/www.lecollectifdesfestivals.org\/collectif\/events\/rencontre-regionale-formation\/","url":"https:\/\/www.lecollectifdesfestivals.org\/collectif\/events\/rencontre-regionale-formation\/","name":"Rencontre régionale autour des enjeux de la formation dans le domaine culturel en Bretagne &#8226; Le Collectif des festivals","isPartOf":{"@id":"https:\/\/www.lecollectifdesfestivals.org\/collectif\/#website"},"datePublished":"2023-11-07T14:08:14+00:00","dateModified":"2024-06-05T15:34:48+00:00","breadcrumb":{"@id":"https:\/\/www.lecollectifdesfestivals.org\/collectif\/events\/rencontre-regionale-formation\/#breadcrumb"},"inLanguage":"fr-FR","potentialAction":[{"@type":"ReadAction","target":["https:\/\/www.lecollectifdesfestivals.org\/collectif\/events\/rencontre-regionale-formation\/"]}]},{"@type":"BreadcrumbList","@id":"https:\/\/www.lecollectifdesfestivals.org\/collectif\/events\/rencontre-regionale-formation\/#breadcrumb","itemListElement":[{"@type":"ListItem","position":1,"name":"Accueil","item":"https:\/\/www.lecollectifdesfestivals.org\/collectif\/"},{"@type":"ListItem","position":2,"name":"Évenements","item":"https:\/\/www.lecollectifdesfestivals.org\/collectif\/events\/"},{"@type":"ListItem","position":3,"name":"Rencontre régionale autour des enjeux de la formation dans le domaine culturel en Bretagne"}]},{"@type":"WebSite","@id":"https:\/\/www.lecollectifdesfestivals.org\/collectif\/#website","url":"https:\/\/www.lecollectifdesfestivals.org\/collectif\/","name":"Le Collectif des festivals","description":"Depuis 2005, le Collectif des festivals accompagne les acteurices culturel·les dans leurs démarches de développement durable.","potentialAction":[{"@type":"SearchAction","target":{"@type":"EntryPoint","urlTemplate":"https:\/\/www.lecollectifdesfestivals.org\/collectif\/?s={search_term_string}"},"query-input":{"@type":"PropertyValueSpecification","valueRequired":true,"valueName":"search_term_string"}}],"inLanguage":"fr-FR"}]}</script>
<!-- / Yoast SEO plugin. -->

Rencontre régionale autour des enjeux de la formation dans le domaine culturel en Bretagne &#8226; Le Collectif des festivals

FormaCulture Bretagne, Espace de coopération des acteur·ices de la formation professionnelle du domaine culturel en Bretagne, vous invite&nbsp;jeudi 25 janvier 2024, de 10h à 16h au Jardin Moderne à Rennes, pour une rencontre régionale autour des enjeux de la formation dans le domaine culturel en Bretagne. Les membres de Formaculture Bretagne agissent dans les secteurs du&hellip;&nbsp;Lire la suite &raquo;Rencontre régionale autour des enjeux de la formation dans le domaine culturel en Bretagne

Évenements

Depuis 2005, le Collectif des festivals accompagne les acteurices culturel·les dans leurs démarches de développement durable.
