{"id":30433,"date":"2025-10-14T17:25:02","date_gmt":"2025-10-14T15:25:02","guid":{"rendered":"https:\/\/www.lecollectifdesfestivals.org\/collectif\/?post_type=mec-events&#038;p=30433"},"modified":"2025-10-14T17:25:11","modified_gmt":"2025-10-14T15:25:11","slug":"mobilites-de-demain-les-vehicules-intermediaires-bientot-dans-vos-festivals","status":"publish","type":"mec-events","link":"https:\/\/www.lecollectifdesfestivals.org\/collectif\/events\/mobilites-de-demain-les-vehicules-intermediaires-bientot-dans-vos-festivals\/","title":{"rendered":"Mobilit\u00e9s de demain\u00a0: les v\u00e9hicules interm\u00e9diaires bient\u00f4t dans vos festivals\u00a0?\u00a0"},"content":{"rendered":"\n<p><em>Dans le cadre des Rendez-vous pro des Trans Musicales<\/em><br>Maison des associations, Rennes.<\/p>\n\n\n\n<p>Les v\u00e9hicules interm\u00e9diaires ou \u00ab\u00a0v\u00e9lis\u00a0\u00bb sont souvent pr\u00e9sent\u00e9s comme des rempla\u00e7ants cr\u00e9dibles de l\u2019automobile thermique sur certains de ses usages. Situ\u00e9s entre le v\u00e9lo-cargo et la voiturette, ils disposent d\u2019une capacit\u00e9 d\u2019emport et d\u2019une motorisation suffisante pour d\u00e9placer des personnes et des marchandises sur plusieurs dizaines de kilom\u00e8tres, dans des conditions de confort proches de celles d\u2019un v\u00e9hicule classique &#8211; les \u00e9missions polluantes en moins. <\/p>\n\n\n\n<p>Alors que les d\u00e9placements restent le principal poste de gaz \u00e0 effet de serre des festivals comme des citoyen\u00b7nes, cette nouvelle mobilit\u00e9 pourrait-elle remplacer l\u2019usage de fourgons, mini-bus ou autres v\u00e9hicules polluants ? <\/p>\n\n\n\n<p>A partir d\u2019une exp\u00e9rimentation en cours sur les Trans Musicales*, cette conf\u00e9rence explorera le potentiel de ces v\u00e9hicules dans le cadre d\u2019\u00e9v\u00e8nements culturels, aussi bien pour des usages logistiques que pour le transport de publics ou d\u2019artistes.<\/p>\n\n\n\n<div class=\"wp-block-buttons is-layout-flex wp-block-buttons-is-layout-flex\">\n<div class=\"wp-block-button\"><a class=\"wp-block-button__link wp-element-button\" href=\"https:\/\/www.lestrans.com\/musiques-et-societes\/#\/detail\/presentation-Velis-R2D2\">S&rsquo;inscrire<\/a><\/div>\n<\/div>\n\n\n\n<p><em>*L&rsquo;exp\u00e9rimentation aux Trans est men\u00e9e dans le cadre du projet Festivals en mouvement, avec le soutien de l&rsquo;ADEME.<\/em><\/p>\n","protected":false},"excerpt":{"rendered":"<p>Dans le cadre des Rendez-vous pro des Trans MusicalesMaison des associations, Rennes. Les v\u00e9hicules interm\u00e9diaires ou \u00ab\u00a0v\u00e9lis\u00a0\u00bb sont souvent pr\u00e9sent\u00e9s comme des rempla\u00e7ants cr\u00e9dibles de l\u2019automobile thermique sur certains de ses usages. Situ\u00e9s entre le v\u00e9lo-cargo et la voiturette, ils disposent d\u2019une capacit\u00e9 d\u2019emport et d\u2019une motorisation suffisante pour d\u00e9placer des personnes et des marchandises&hellip;&nbsp;<a href=\"https:\/\/www.lecollectifdesfestivals.org\/collectif\/events\/mobilites-de-demain-les-vehicules-intermediaires-bientot-dans-vos-festivals\/\" rel=\"bookmark\">Lire la suite &raquo;<span class=\"screen-reader-text\">Mobilit\u00e9s de demain\u00a0: les v\u00e9hicules interm\u00e9diaires bient\u00f4t dans vos festivals\u00a0?\u00a0<\/span><\/a><\/p>\n","protected":false},"author":1,"featured_media":0,"comment_status":"closed","ping_status":"closed","template":"","tags":[],"mec_category":[482],"class_list":["post-30433","mec-events","type-mec-events","status-publish","hentry","mec_category-table-ronde-2"],"yoast_head":"<!-- This site is optimized with the Yoast SEO plugin v27.4 - https:\/\/yoast.com\/product\/yoast-seo-wordpress\/ -->\n<title>Mobilit\u00e9s de demain\u00a0: les v\u00e9hicules interm\u00e9diaires bient\u00f4t dans vos festivals\u00a0?\u00a0 &#8226; Le Collectif des festivals<\/title>\n<meta name=\"robots\" content=\"index, follow, max-snippet:-1, max-image-preview:large, max-video-preview:-1\" \/>\n<link rel=\"canonical\" href=\"https:\/\/www.lecollectifdesfestivals.org\/collectif\/events\/mobilites-de-demain-les-vehicules-intermediaires-bientot-dans-vos-festivals\/\" \/>\n<meta property=\"og:locale\" content=\"fr_FR\" \/>\n<meta property=\"og:type\" content=\"article\" \/>\n<meta property=\"og:title\" content=\"Mobilit\u00e9s de demain\u00a0: les v\u00e9hicules interm\u00e9diaires bient\u00f4t dans vos festivals\u00a0?\u00a0 &#8226; Le Collectif des festivals\" \/>\n<meta property=\"og:description\" content=\"Dans le cadre des Rendez-vous pro des Trans MusicalesMaison des associations, Rennes. Les v\u00e9hicules interm\u00e9diaires ou \u00ab\u00a0v\u00e9lis\u00a0\u00bb sont souvent pr\u00e9sent\u00e9s comme des rempla\u00e7ants cr\u00e9dibles de l\u2019automobile thermique sur certains de ses usages. Situ\u00e9s entre le v\u00e9lo-cargo et la voiturette, ils disposent d\u2019une capacit\u00e9 d\u2019emport et d\u2019une motorisation suffisante pour d\u00e9placer des personnes et des marchandises&hellip;&nbsp;Lire la suite &raquo;Mobilit\u00e9s de demain\u00a0: les v\u00e9hicules interm\u00e9diaires bient\u00f4t dans vos festivals\u00a0?\u00a0\" \/>\n<meta property=\"og:url\" content=\"https:\/\/www.lecollectifdesfestivals.org\/collectif\/events\/mobilites-de-demain-les-vehicules-intermediaires-bientot-dans-vos-festivals\/\" \/>\n<meta property=\"og:site_name\" content=\"Le Collectif des festivals\" \/>\n<meta property=\"article:publisher\" content=\"https:\/\/www.facebook.com\/LeCollectifDesFestivals\/\" \/>\n<meta property=\"article:modified_time\" content=\"2025-10-14T15:25:11+00:00\" \/>\n<meta name=\"twitter:card\" content=\"summary_large_image\" \/>\n<meta name=\"twitter:site\" content=\"@CollFestivals\" \/>\n<meta name=\"twitter:label1\" content=\"Dur\u00e9e de lecture estim\u00e9e\" \/>\n\t<meta name=\"twitter:data1\" content=\"1 minute\" \/>\n<script type=\"application\/ld+json\" class=\"yoast-schema-graph\">{\"@context\":\"https:\\\/\\\/schema.org\",\"@graph\":[{\"@type\":\"WebPage\",\"@id\":\"https:\\\/\\\/www.lecollectifdesfestivals.org\\\/collectif\\\/events\\\/mobilites-de-demain-les-vehicules-intermediaires-bientot-dans-vos-festivals\\\/\",\"url\":\"https:\\\/\\\/www.lecollectifdesfestivals.org\\\/collectif\\\/events\\\/mobilites-de-demain-les-vehicules-intermediaires-bientot-dans-vos-festivals\\\/\",\"name\":\"Mobilit\u00e9s de demain\u00a0: les v\u00e9hicules interm\u00e9diaires bient\u00f4t dans vos festivals\u00a0?\u00a0 &#8226; Le Collectif des festivals\",\"isPartOf\":{\"@id\":\"https:\\\/\\\/www.lecollectifdesfestivals.org\\\/collectif\\\/#website\"},\"datePublished\":\"2025-10-14T15:25:02+00:00\",\"dateModified\":\"2025-10-14T15:25:11+00:00\",\"breadcrumb\":{\"@id\":\"https:\\\/\\\/www.lecollectifdesfestivals.org\\\/collectif\\\/events\\\/mobilites-de-demain-les-vehicules-intermediaires-bientot-dans-vos-festivals\\\/#breadcrumb\"},\"inLanguage\":\"fr-FR\",\"potentialAction\":[{\"@type\":\"ReadAction\",\"target\":[\"https:\\\/\\\/www.lecollectifdesfestivals.org\\\/collectif\\\/events\\\/mobilites-de-demain-les-vehicules-intermediaires-bientot-dans-vos-festivals\\\/\"]}]},{\"@type\":\"BreadcrumbList\",\"@id\":\"https:\\\/\\\/www.lecollectifdesfestivals.org\\\/collectif\\\/events\\\/mobilites-de-demain-les-vehicules-intermediaires-bientot-dans-vos-festivals\\\/#breadcrumb\",\"itemListElement\":[{\"@type\":\"ListItem\",\"position\":1,\"name\":\"Accueil\",\"item\":\"https:\\\/\\\/www.lecollectifdesfestivals.org\\\/collectif\\\/\"},{\"@type\":\"ListItem\",\"position\":2,\"name\":\"\u00c9venements\",\"item\":\"https:\\\/\\\/www.lecollectifdesfestivals.org\\\/collectif\\\/events\\\/\"},{\"@type\":\"ListItem\",\"position\":3,\"name\":\"Mobilit\u00e9s de demain\u00a0: les v\u00e9hicules interm\u00e9diaires bient\u00f4t dans vos festivals\u00a0?\u00a0\"}]},{\"@type\":\"WebSite\",\"@id\":\"https:\\\/\\\/www.lecollectifdesfestivals.org\\\/collectif\\\/#website\",\"url\":\"https:\\\/\\\/www.lecollectifdesfestivals.org\\\/collectif\\\/\",\"name\":\"Le Collectif des festivals\",\"description\":\"Depuis 2005, le Collectif des festivals accompagne les acteurices culturel\u00b7les dans leurs d\u00e9marches de d\u00e9veloppement durable.\",\"potentialAction\":[{\"@type\":\"SearchAction\",\"target\":{\"@type\":\"EntryPoint\",\"urlTemplate\":\"https:\\\/\\\/www.lecollectifdesfestivals.org\\\/collectif\\\/?s={search_term_string}\"},\"query-input\":{\"@type\":\"PropertyValueSpecification\",\"valueRequired\":true,\"valueName\":\"search_term_string\"}}],\"inLanguage\":\"fr-FR\"}]}<\/script>\n<!-- \/ Yoast SEO plugin. -->","yoast_head_json":{"title":"Mobilit\u00e9s de demain\u00a0: les v\u00e9hicules interm\u00e9diaires bient\u00f4t dans vos festivals\u00a0?\u00a0 &#8226; Le Collectif des festivals","robots":{"index":"index","follow":"follow","max-snippet":"max-snippet:-1","max-image-preview":"max-image-preview:large","max-video-preview":"max-video-preview:-1"},"canonical":"https:\/\/www.lecollectifdesfestivals.org\/collectif\/events\/mobilites-de-demain-les-vehicules-intermediaires-bientot-dans-vos-festivals\/","og_locale":"fr_FR","og_type":"article","og_title":"Mobilit\u00e9s de demain\u00a0: les v\u00e9hicules interm\u00e9diaires bient\u00f4t dans vos festivals\u00a0?\u00a0 &#8226; Le Collectif des festivals","og_description":"Dans le cadre des Rendez-vous pro des Trans MusicalesMaison des associations, Rennes. Les v\u00e9hicules interm\u00e9diaires ou \u00ab\u00a0v\u00e9lis\u00a0\u00bb sont souvent pr\u00e9sent\u00e9s comme des rempla\u00e7ants cr\u00e9dibles de l\u2019automobile thermique sur certains de ses usages. Situ\u00e9s entre le v\u00e9lo-cargo et la voiturette, ils disposent d\u2019une capacit\u00e9 d\u2019emport et d\u2019une motorisation suffisante pour d\u00e9placer des personnes et des marchandises&hellip;&nbsp;Lire la suite &raquo;Mobilit\u00e9s de demain\u00a0: les v\u00e9hicules interm\u00e9diaires bient\u00f4t dans vos festivals\u00a0?\u00a0","og_url":"https:\/\/www.lecollectifdesfestivals.org\/collectif\/events\/mobilites-de-demain-les-vehicules-intermediaires-bientot-dans-vos-festivals\/","og_site_name":"Le Collectif des festivals","article_publisher":"https:\/\/www.facebook.com\/LeCollectifDesFestivals\/","article_modified_time":"2025-10-14T15:25:11+00:00","twitter_card":"summary_large_image","twitter_site":"@CollFestivals","twitter_misc":{"Dur\u00e9e de lecture estim\u00e9e":"1 minute"},"schema":{"@context":"https:\/\/schema.org","@graph":[{"@type":"WebPage","@id":"https:\/\/www.lecollectifdesfestivals.org\/collectif\/events\/mobilites-de-demain-les-vehicules-intermediaires-bientot-dans-vos-festivals\/","url":"https:\/\/www.lecollectifdesfestivals.org\/collectif\/events\/mobilites-de-demain-les-vehicules-intermediaires-bientot-dans-vos-festivals\/","name":"Mobilit\u00e9s de demain\u00a0: les v\u00e9hicules interm\u00e9diaires bient\u00f4t dans vos festivals\u00a0?\u00a0 &#8226; Le Collectif des festivals","isPartOf":{"@id":"https:\/\/www.lecollectifdesfestivals.org\/collectif\/#website"},"datePublished":"2025-10-14T15:25:02+00:00","dateModified":"2025-10-14T15:25:11+00:00","breadcrumb":{"@id":"https:\/\/www.lecollectifdesfestivals.org\/collectif\/events\/mobilites-de-demain-les-vehicules-intermediaires-bientot-dans-vos-festivals\/#breadcrumb"},"inLanguage":"fr-FR","potentialAction":[{"@type":"ReadAction","target":["https:\/\/www.lecollectifdesfestivals.org\/collectif\/events\/mobilites-de-demain-les-vehicules-intermediaires-bientot-dans-vos-festivals\/"]}]},{"@type":"BreadcrumbList","@id":"https:\/\/www.lecollectifdesfestivals.org\/collectif\/events\/mobilites-de-demain-les-vehicules-intermediaires-bientot-dans-vos-festivals\/#breadcrumb","itemListElement":[{"@type":"ListItem","position":1,"name":"Accueil","item":"https:\/\/www.lecollectifdesfestivals.org\/collectif\/"},{"@type":"ListItem","position":2,"name":"\u00c9venements","item":"https:\/\/www.lecollectifdesfestivals.org\/collectif\/events\/"},{"@type":"ListItem","position":3,"name":"Mobilit\u00e9s de demain\u00a0: les v\u00e9hicules interm\u00e9diaires bient\u00f4t dans vos festivals\u00a0?\u00a0"}]},{"@type":"WebSite","@id":"https:\/\/www.lecollectifdesfestivals.org\/collectif\/#website","url":"https:\/\/www.lecollectifdesfestivals.org\/collectif\/","name":"Le Collectif des festivals","description":"Depuis 2005, le Collectif des festivals accompagne les acteurices culturel\u00b7les dans leurs d\u00e9marches de d\u00e9veloppement durable.","potentialAction":[{"@type":"SearchAction","target":{"@type":"EntryPoint","urlTemplate":"https:\/\/www.lecollectifdesfestivals.org\/collectif\/?s={search_term_string}"},"query-input":{"@type":"PropertyValueSpecification","valueRequired":true,"valueName":"search_term_string"}}],"inLanguage":"fr-FR"}]}},"_links":{"self":[{"href":"https:\/\/www.lecollectifdesfestivals.org\/collectif\/wp-json\/wp\/v2\/mec-events\/30433","targetHints":{"allow":["GET"]}}],"collection":[{"href":"https:\/\/www.lecollectifdesfestivals.org\/collectif\/wp-json\/wp\/v2\/mec-events"}],"about":[{"href":"https:\/\/www.lecollectifdesfestivals.org\/collectif\/wp-json\/wp\/v2\/types\/mec-events"}],"author":[{"embeddable":true,"href":"https:\/\/www.lecollectifdesfestivals.org\/collectif\/wp-json\/wp\/v2\/users\/1"}],"replies":[{"embeddable":true,"href":"https:\/\/www.lecollectifdesfestivals.org\/collectif\/wp-json\/wp\/v2\/comments?post=30433"}],"wp:attachment":[{"href":"https:\/\/www.lecollectifdesfestivals.org\/collectif\/wp-json\/wp\/v2\/media?parent=30433"}],"wp:term":[{"taxonomy":"post_tag","embeddable":true,"href":"https:\/\/www.lecollectifdesfestivals.org\/collectif\/wp-json\/wp\/v2\/tags?post=30433"},{"taxonomy":"mec_category","embeddable":true,"href":"https:\/\/www.lecollectifdesfestivals.org\/collectif\/wp-json\/wp\/v2\/mec_category?post=30433"}],"curies":[{"name":"wp","href":"https:\/\/api.w.org\/{rel}","templated":true}]}}

Mobilités de demain : les véhicules intermédiaires bientôt dans vos festivals ?

<p><em>Dans le cadre des Rendez-vous pro des Trans Musicales</em><br>Maison des associations, Rennes.</p>



<p>Les véhicules intermédiaires ou « vélis » sont souvent présentés comme des remplaçants crédibles de l’automobile thermique sur certains de ses usages. Situés entre le vélo-cargo et la voiturette, ils disposent d’une capacité d’emport et d’une motorisation suffisante pour déplacer des personnes et des marchandises sur plusieurs dizaines de kilomètres, dans des conditions de confort proches de celles d’un véhicule classique &#8211; les émissions polluantes en moins. </p>



<p>Alors que les déplacements restent le principal poste de gaz à effet de serre des festivals comme des citoyen·nes, cette nouvelle mobilité pourrait-elle remplacer l’usage de fourgons, mini-bus ou autres véhicules polluants ? </p>



<p>A partir d’une expérimentation en cours sur les Trans Musicales*, cette conférence explorera le potentiel de ces véhicules dans le cadre d’évènements culturels, aussi bien pour des usages logistiques que pour le transport de publics ou d’artistes.</p>



<div class="wp-block-buttons is-layout-flex wp-block-buttons-is-layout-flex">
<div class="wp-block-button"><a class="wp-block-button__link wp-element-button" href="https://www.lestrans.com/musiques-et-societes/#/detail/presentation-Velis-R2D2">S&rsquo;inscrire</a></div>
</div>



<p><em>*L&rsquo;expérimentation aux Trans est menée dans le cadre du projet Festivals en mouvement, avec le soutien de l&rsquo;ADEME.</em></p>

<p>Dans le cadre des Rendez-vous pro des Trans MusicalesMaison des associations, Rennes. Les véhicules intermédiaires ou « vélis » sont souvent présentés comme des remplaçants crédibles de l’automobile thermique sur certains de ses usages. Situés entre le vélo-cargo et la voiturette, ils disposent d’une capacité d’emport et d’une motorisation suffisante pour déplacer des personnes et des marchandises&hellip;&nbsp;<a href="https://www.lecollectifdesfestivals.org/collectif/events/mobilites-de-demain-les-vehicules-intermediaires-bientot-dans-vos-festivals/" rel="bookmark">Lire la suite &raquo;<span class="screen-reader-text">Mobilités de demain : les véhicules intermédiaires bientôt dans vos festivals ? </span></a></p>

<!-- This site is optimized with the Yoast SEO plugin v27.4 - https://yoast.com/product/yoast-seo-wordpress/ -->
<title>Mobilités de demain : les véhicules intermédiaires bientôt dans vos festivals ?  &#8226; Le Collectif des festivals</title>
<meta name="robots" content="index, follow, max-snippet:-1, max-image-preview:large, max-video-preview:-1" />
<link rel="canonical" href="https://www.lecollectifdesfestivals.org/collectif/events/mobilites-de-demain-les-vehicules-intermediaires-bientot-dans-vos-festivals/" />
<meta property="og:locale" content="fr_FR" />
<meta property="og:type" content="article" />
<meta property="og:title" content="Mobilités de demain : les véhicules intermédiaires bientôt dans vos festivals ?  &#8226; Le Collectif des festivals" />
<meta property="og:description" content="Dans le cadre des Rendez-vous pro des Trans MusicalesMaison des associations, Rennes. Les véhicules intermédiaires ou « vélis » sont souvent présentés comme des remplaçants crédibles de l’automobile thermique sur certains de ses usages. Situés entre le vélo-cargo et la voiturette, ils disposent d’une capacité d’emport et d’une motorisation suffisante pour déplacer des personnes et des marchandises&hellip;&nbsp;Lire la suite &raquo;Mobilités de demain : les véhicules intermédiaires bientôt dans vos festivals ? " />
<meta property="og:url" content="https://www.lecollectifdesfestivals.org/collectif/events/mobilites-de-demain-les-vehicules-intermediaires-bientot-dans-vos-festivals/" />
<meta property="og:site_name" content="Le Collectif des festivals" />
<meta property="article:publisher" content="https://www.facebook.com/LeCollectifDesFestivals/" />
<meta property="article:modified_time" content="2025-10-14T15:25:11+00:00" />
<meta name="twitter:card" content="summary_large_image" />
<meta name="twitter:site" content="@CollFestivals" />
<meta name="twitter:label1" content="Durée de lecture estimée" />
	<meta name="twitter:data1" content="1 minute" />
<script type="application/ld+json" class="yoast-schema-graph">{"@context":"https:\/\/schema.org","@graph":[{"@type":"WebPage","@id":"https:\/\/www.lecollectifdesfestivals.org\/collectif\/events\/mobilites-de-demain-les-vehicules-intermediaires-bientot-dans-vos-festivals\/","url":"https:\/\/www.lecollectifdesfestivals.org\/collectif\/events\/mobilites-de-demain-les-vehicules-intermediaires-bientot-dans-vos-festivals\/","name":"Mobilités de demain : les véhicules intermédiaires bientôt dans vos festivals ?  &#8226; Le Collectif des festivals","isPartOf":{"@id":"https:\/\/www.lecollectifdesfestivals.org\/collectif\/#website"},"datePublished":"2025-10-14T15:25:02+00:00","dateModified":"2025-10-14T15:25:11+00:00","breadcrumb":{"@id":"https:\/\/www.lecollectifdesfestivals.org\/collectif\/events\/mobilites-de-demain-les-vehicules-intermediaires-bientot-dans-vos-festivals\/#breadcrumb"},"inLanguage":"fr-FR","potentialAction":[{"@type":"ReadAction","target":["https:\/\/www.lecollectifdesfestivals.org\/collectif\/events\/mobilites-de-demain-les-vehicules-intermediaires-bientot-dans-vos-festivals\/"]}]},{"@type":"BreadcrumbList","@id":"https:\/\/www.lecollectifdesfestivals.org\/collectif\/events\/mobilites-de-demain-les-vehicules-intermediaires-bientot-dans-vos-festivals\/#breadcrumb","itemListElement":[{"@type":"ListItem","position":1,"name":"Accueil","item":"https:\/\/www.lecollectifdesfestivals.org\/collectif\/"},{"@type":"ListItem","position":2,"name":"Évenements","item":"https:\/\/www.lecollectifdesfestivals.org\/collectif\/events\/"},{"@type":"ListItem","position":3,"name":"Mobilités de demain : les véhicules intermédiaires bientôt dans vos festivals ? "}]},{"@type":"WebSite","@id":"https:\/\/www.lecollectifdesfestivals.org\/collectif\/#website","url":"https:\/\/www.lecollectifdesfestivals.org\/collectif\/","name":"Le Collectif des festivals","description":"Depuis 2005, le Collectif des festivals accompagne les acteurices culturel·les dans leurs démarches de développement durable.","potentialAction":[{"@type":"SearchAction","target":{"@type":"EntryPoint","urlTemplate":"https:\/\/www.lecollectifdesfestivals.org\/collectif\/?s={search_term_string}"},"query-input":{"@type":"PropertyValueSpecification","valueRequired":true,"valueName":"search_term_string"}}],"inLanguage":"fr-FR"}]}</script>
<!-- / Yoast SEO plugin. -->

Mobilités de demain : les véhicules intermédiaires bientôt dans vos festivals ?  &#8226; Le Collectif des festivals

Dans le cadre des Rendez-vous pro des Trans MusicalesMaison des associations, Rennes. Les véhicules intermédiaires ou « vélis » sont souvent présentés comme des remplaçants crédibles de l’automobile thermique sur certains de ses usages. Situés entre le vélo-cargo et la voiturette, ils disposent d’une capacité d’emport et d’une motorisation suffisante pour déplacer des personnes et des marchandises&hellip;&nbsp;Lire la suite &raquo;Mobilités de demain : les véhicules intermédiaires bientôt dans vos festivals ?

Évenements

Depuis 2005, le Collectif des festivals accompagne les acteurices culturel·les dans leurs démarches de développement durable.
