{"id":30951,"date":"2026-01-15T09:52:47","date_gmt":"2026-01-15T08:52:47","guid":{"rendered":"https:\/\/www.lecollectifdesfestivals.org\/collectif\/?post_type=mec-events&#038;p=30951"},"modified":"2026-02-16T15:06:41","modified_gmt":"2026-02-16T14:06:41","slug":"lutter-contre-les-discriminations-ethnoraciales","status":"publish","type":"mec-events","link":"https:\/\/www.lecollectifdesfestivals.org\/collectif\/events\/lutter-contre-les-discriminations-ethnoraciales\/","title":{"rendered":"Lutter contre les discriminations ethnoraciales dans les musiques actuelles"},"content":{"rendered":"\n<p class=\"has-nv-light-bg-color has-neve-link-hover-color-background-color has-text-color has-background has-link-color wp-elements-517369fa24debe0ee34d52bfbde34f57\">Complet !<\/p>\n\n\n\n<p><a href=\"http:\/\/stourm.org\">Stourm<\/a> propose un webinaire pour comprendre les m\u00e9canismes du racisme syst\u00e9mique dans le secteur culturel et plus sp\u00e9cifiquement dans les musiques actuelles. Cet \u00e9change permettra d\u2019identifier les formes de racisme directes, indirectes et structurelles qui traversent les organisations et les pratiques professionnelles. Il vise \u00e0 sensibiliser les b\u00e9n\u00e9voles et professionnel\u00b7les du secteur et \u00e0 identifier des leviers d\u2019action pour favoriser l\u2019\u00e9galit\u00e9 et l\u2019inclusion.<\/p>\n\n\n\n<p>Le webinaire sera anim\u00e9 par Asli Ciyow, consultante-formatrice sp\u00e9cialis\u00e9e sur les questions de genre, de violences sexistes et sexuelles, et de discriminations. <\/p>\n\n\n\n<p><\/p>\n","protected":false},"excerpt":{"rendered":"<p>Complet ! Stourm propose un webinaire pour comprendre les m\u00e9canismes du racisme syst\u00e9mique dans le secteur culturel et plus sp\u00e9cifiquement dans les musiques actuelles. Cet \u00e9change permettra d\u2019identifier les formes de racisme directes, indirectes et structurelles qui traversent les organisations et les pratiques professionnelles. Il vise \u00e0 sensibiliser les b\u00e9n\u00e9voles et professionnel\u00b7les du secteur et&hellip;&nbsp;<a href=\"https:\/\/www.lecollectifdesfestivals.org\/collectif\/events\/lutter-contre-les-discriminations-ethnoraciales\/\" rel=\"bookmark\">Lire la suite &raquo;<span class=\"screen-reader-text\">Lutter contre les discriminations ethnoraciales dans les musiques actuelles<\/span><\/a><\/p>\n","protected":false},"author":1,"featured_media":0,"comment_status":"closed","ping_status":"closed","template":"","tags":[],"mec_category":[403],"class_list":["post-30951","mec-events","type-mec-events","status-publish","hentry","mec_category-webinaire"],"yoast_head":"<!-- This site is optimized with the Yoast SEO plugin v27.4 - https:\/\/yoast.com\/product\/yoast-seo-wordpress\/ -->\n<title>Lutter contre les discriminations ethnoraciales dans les musiques actuelles &#8226; Le Collectif des festivals<\/title>\n<meta name=\"robots\" content=\"index, follow, max-snippet:-1, max-image-preview:large, max-video-preview:-1\" \/>\n<link rel=\"canonical\" href=\"https:\/\/www.lecollectifdesfestivals.org\/collectif\/events\/lutter-contre-les-discriminations-ethnoraciales\/\" \/>\n<meta property=\"og:locale\" content=\"fr_FR\" \/>\n<meta property=\"og:type\" content=\"article\" \/>\n<meta property=\"og:title\" content=\"Lutter contre les discriminations ethnoraciales dans les musiques actuelles &#8226; Le Collectif des festivals\" \/>\n<meta property=\"og:description\" content=\"Complet ! Stourm propose un webinaire pour comprendre les m\u00e9canismes du racisme syst\u00e9mique dans le secteur culturel et plus sp\u00e9cifiquement dans les musiques actuelles. Cet \u00e9change permettra d\u2019identifier les formes de racisme directes, indirectes et structurelles qui traversent les organisations et les pratiques professionnelles. Il vise \u00e0 sensibiliser les b\u00e9n\u00e9voles et professionnel\u00b7les du secteur et&hellip;&nbsp;Lire la suite &raquo;Lutter contre les discriminations ethnoraciales dans les musiques actuelles\" \/>\n<meta property=\"og:url\" content=\"https:\/\/www.lecollectifdesfestivals.org\/collectif\/events\/lutter-contre-les-discriminations-ethnoraciales\/\" \/>\n<meta property=\"og:site_name\" content=\"Le Collectif des festivals\" \/>\n<meta property=\"article:publisher\" content=\"https:\/\/www.facebook.com\/LeCollectifDesFestivals\/\" \/>\n<meta property=\"article:modified_time\" content=\"2026-02-16T14:06:41+00:00\" \/>\n<meta name=\"twitter:card\" content=\"summary_large_image\" \/>\n<meta name=\"twitter:site\" content=\"@CollFestivals\" \/>\n<meta name=\"twitter:label1\" content=\"Dur\u00e9e de lecture estim\u00e9e\" \/>\n\t<meta name=\"twitter:data1\" content=\"1 minute\" \/>\n<script type=\"application\/ld+json\" class=\"yoast-schema-graph\">{\"@context\":\"https:\\\/\\\/schema.org\",\"@graph\":[{\"@type\":\"WebPage\",\"@id\":\"https:\\\/\\\/www.lecollectifdesfestivals.org\\\/collectif\\\/events\\\/lutter-contre-les-discriminations-ethnoraciales\\\/\",\"url\":\"https:\\\/\\\/www.lecollectifdesfestivals.org\\\/collectif\\\/events\\\/lutter-contre-les-discriminations-ethnoraciales\\\/\",\"name\":\"Lutter contre les discriminations ethnoraciales dans les musiques actuelles &#8226; Le Collectif des festivals\",\"isPartOf\":{\"@id\":\"https:\\\/\\\/www.lecollectifdesfestivals.org\\\/collectif\\\/#website\"},\"datePublished\":\"2026-01-15T08:52:47+00:00\",\"dateModified\":\"2026-02-16T14:06:41+00:00\",\"breadcrumb\":{\"@id\":\"https:\\\/\\\/www.lecollectifdesfestivals.org\\\/collectif\\\/events\\\/lutter-contre-les-discriminations-ethnoraciales\\\/#breadcrumb\"},\"inLanguage\":\"fr-FR\",\"potentialAction\":[{\"@type\":\"ReadAction\",\"target\":[\"https:\\\/\\\/www.lecollectifdesfestivals.org\\\/collectif\\\/events\\\/lutter-contre-les-discriminations-ethnoraciales\\\/\"]}]},{\"@type\":\"BreadcrumbList\",\"@id\":\"https:\\\/\\\/www.lecollectifdesfestivals.org\\\/collectif\\\/events\\\/lutter-contre-les-discriminations-ethnoraciales\\\/#breadcrumb\",\"itemListElement\":[{\"@type\":\"ListItem\",\"position\":1,\"name\":\"Accueil\",\"item\":\"https:\\\/\\\/www.lecollectifdesfestivals.org\\\/collectif\\\/\"},{\"@type\":\"ListItem\",\"position\":2,\"name\":\"\u00c9venements\",\"item\":\"https:\\\/\\\/www.lecollectifdesfestivals.org\\\/collectif\\\/events\\\/\"},{\"@type\":\"ListItem\",\"position\":3,\"name\":\"Lutter contre les discriminations ethnoraciales dans les musiques actuelles\"}]},{\"@type\":\"WebSite\",\"@id\":\"https:\\\/\\\/www.lecollectifdesfestivals.org\\\/collectif\\\/#website\",\"url\":\"https:\\\/\\\/www.lecollectifdesfestivals.org\\\/collectif\\\/\",\"name\":\"Le Collectif des festivals\",\"description\":\"Depuis 2005, le Collectif des festivals accompagne les acteurices culturel\u00b7les dans leurs d\u00e9marches de d\u00e9veloppement durable.\",\"potentialAction\":[{\"@type\":\"SearchAction\",\"target\":{\"@type\":\"EntryPoint\",\"urlTemplate\":\"https:\\\/\\\/www.lecollectifdesfestivals.org\\\/collectif\\\/?s={search_term_string}\"},\"query-input\":{\"@type\":\"PropertyValueSpecification\",\"valueRequired\":true,\"valueName\":\"search_term_string\"}}],\"inLanguage\":\"fr-FR\"}]}<\/script>\n<!-- \/ Yoast SEO plugin. -->","yoast_head_json":{"title":"Lutter contre les discriminations ethnoraciales dans les musiques actuelles &#8226; Le Collectif des festivals","robots":{"index":"index","follow":"follow","max-snippet":"max-snippet:-1","max-image-preview":"max-image-preview:large","max-video-preview":"max-video-preview:-1"},"canonical":"https:\/\/www.lecollectifdesfestivals.org\/collectif\/events\/lutter-contre-les-discriminations-ethnoraciales\/","og_locale":"fr_FR","og_type":"article","og_title":"Lutter contre les discriminations ethnoraciales dans les musiques actuelles &#8226; Le Collectif des festivals","og_description":"Complet ! Stourm propose un webinaire pour comprendre les m\u00e9canismes du racisme syst\u00e9mique dans le secteur culturel et plus sp\u00e9cifiquement dans les musiques actuelles. Cet \u00e9change permettra d\u2019identifier les formes de racisme directes, indirectes et structurelles qui traversent les organisations et les pratiques professionnelles. Il vise \u00e0 sensibiliser les b\u00e9n\u00e9voles et professionnel\u00b7les du secteur et&hellip;&nbsp;Lire la suite &raquo;Lutter contre les discriminations ethnoraciales dans les musiques actuelles","og_url":"https:\/\/www.lecollectifdesfestivals.org\/collectif\/events\/lutter-contre-les-discriminations-ethnoraciales\/","og_site_name":"Le Collectif des festivals","article_publisher":"https:\/\/www.facebook.com\/LeCollectifDesFestivals\/","article_modified_time":"2026-02-16T14:06:41+00:00","twitter_card":"summary_large_image","twitter_site":"@CollFestivals","twitter_misc":{"Dur\u00e9e de lecture estim\u00e9e":"1 minute"},"schema":{"@context":"https:\/\/schema.org","@graph":[{"@type":"WebPage","@id":"https:\/\/www.lecollectifdesfestivals.org\/collectif\/events\/lutter-contre-les-discriminations-ethnoraciales\/","url":"https:\/\/www.lecollectifdesfestivals.org\/collectif\/events\/lutter-contre-les-discriminations-ethnoraciales\/","name":"Lutter contre les discriminations ethnoraciales dans les musiques actuelles &#8226; Le Collectif des festivals","isPartOf":{"@id":"https:\/\/www.lecollectifdesfestivals.org\/collectif\/#website"},"datePublished":"2026-01-15T08:52:47+00:00","dateModified":"2026-02-16T14:06:41+00:00","breadcrumb":{"@id":"https:\/\/www.lecollectifdesfestivals.org\/collectif\/events\/lutter-contre-les-discriminations-ethnoraciales\/#breadcrumb"},"inLanguage":"fr-FR","potentialAction":[{"@type":"ReadAction","target":["https:\/\/www.lecollectifdesfestivals.org\/collectif\/events\/lutter-contre-les-discriminations-ethnoraciales\/"]}]},{"@type":"BreadcrumbList","@id":"https:\/\/www.lecollectifdesfestivals.org\/collectif\/events\/lutter-contre-les-discriminations-ethnoraciales\/#breadcrumb","itemListElement":[{"@type":"ListItem","position":1,"name":"Accueil","item":"https:\/\/www.lecollectifdesfestivals.org\/collectif\/"},{"@type":"ListItem","position":2,"name":"\u00c9venements","item":"https:\/\/www.lecollectifdesfestivals.org\/collectif\/events\/"},{"@type":"ListItem","position":3,"name":"Lutter contre les discriminations ethnoraciales dans les musiques actuelles"}]},{"@type":"WebSite","@id":"https:\/\/www.lecollectifdesfestivals.org\/collectif\/#website","url":"https:\/\/www.lecollectifdesfestivals.org\/collectif\/","name":"Le Collectif des festivals","description":"Depuis 2005, le Collectif des festivals accompagne les acteurices culturel\u00b7les dans leurs d\u00e9marches de d\u00e9veloppement durable.","potentialAction":[{"@type":"SearchAction","target":{"@type":"EntryPoint","urlTemplate":"https:\/\/www.lecollectifdesfestivals.org\/collectif\/?s={search_term_string}"},"query-input":{"@type":"PropertyValueSpecification","valueRequired":true,"valueName":"search_term_string"}}],"inLanguage":"fr-FR"}]}},"_links":{"self":[{"href":"https:\/\/www.lecollectifdesfestivals.org\/collectif\/wp-json\/wp\/v2\/mec-events\/30951","targetHints":{"allow":["GET"]}}],"collection":[{"href":"https:\/\/www.lecollectifdesfestivals.org\/collectif\/wp-json\/wp\/v2\/mec-events"}],"about":[{"href":"https:\/\/www.lecollectifdesfestivals.org\/collectif\/wp-json\/wp\/v2\/types\/mec-events"}],"author":[{"embeddable":true,"href":"https:\/\/www.lecollectifdesfestivals.org\/collectif\/wp-json\/wp\/v2\/users\/1"}],"replies":[{"embeddable":true,"href":"https:\/\/www.lecollectifdesfestivals.org\/collectif\/wp-json\/wp\/v2\/comments?post=30951"}],"wp:attachment":[{"href":"https:\/\/www.lecollectifdesfestivals.org\/collectif\/wp-json\/wp\/v2\/media?parent=30951"}],"wp:term":[{"taxonomy":"post_tag","embeddable":true,"href":"https:\/\/www.lecollectifdesfestivals.org\/collectif\/wp-json\/wp\/v2\/tags?post=30951"},{"taxonomy":"mec_category","embeddable":true,"href":"https:\/\/www.lecollectifdesfestivals.org\/collectif\/wp-json\/wp\/v2\/mec_category?post=30951"}],"curies":[{"name":"wp","href":"https:\/\/api.w.org\/{rel}","templated":true}]}}

<p class="has-nv-light-bg-color has-neve-link-hover-color-background-color has-text-color has-background has-link-color wp-elements-517369fa24debe0ee34d52bfbde34f57">Complet !</p>



<p><a href="http://stourm.org">Stourm</a> propose un webinaire pour comprendre les mécanismes du racisme systémique dans le secteur culturel et plus spécifiquement dans les musiques actuelles. Cet échange permettra d’identifier les formes de racisme directes, indirectes et structurelles qui traversent les organisations et les pratiques professionnelles. Il vise à sensibiliser les bénévoles et professionnel·les du secteur et à identifier des leviers d’action pour favoriser l’égalité et l’inclusion.</p>



<p>Le webinaire sera animé par Asli Ciyow, consultante-formatrice spécialisée sur les questions de genre, de violences sexistes et sexuelles, et de discriminations. </p>



<p></p>

<p>Complet ! Stourm propose un webinaire pour comprendre les mécanismes du racisme systémique dans le secteur culturel et plus spécifiquement dans les musiques actuelles. Cet échange permettra d’identifier les formes de racisme directes, indirectes et structurelles qui traversent les organisations et les pratiques professionnelles. Il vise à sensibiliser les bénévoles et professionnel·les du secteur et&hellip;&nbsp;<a href="https://www.lecollectifdesfestivals.org/collectif/events/lutter-contre-les-discriminations-ethnoraciales/" rel="bookmark">Lire la suite &raquo;<span class="screen-reader-text">Lutter contre les discriminations ethnoraciales dans les musiques actuelles</span></a></p>

<!-- This site is optimized with the Yoast SEO plugin v27.4 - https://yoast.com/product/yoast-seo-wordpress/ -->
<title>Lutter contre les discriminations ethnoraciales dans les musiques actuelles &#8226; Le Collectif des festivals</title>
<meta name="robots" content="index, follow, max-snippet:-1, max-image-preview:large, max-video-preview:-1" />
<link rel="canonical" href="https://www.lecollectifdesfestivals.org/collectif/events/lutter-contre-les-discriminations-ethnoraciales/" />
<meta property="og:locale" content="fr_FR" />
<meta property="og:type" content="article" />
<meta property="og:title" content="Lutter contre les discriminations ethnoraciales dans les musiques actuelles &#8226; Le Collectif des festivals" />
<meta property="og:description" content="Complet ! Stourm propose un webinaire pour comprendre les mécanismes du racisme systémique dans le secteur culturel et plus spécifiquement dans les musiques actuelles. Cet échange permettra d’identifier les formes de racisme directes, indirectes et structurelles qui traversent les organisations et les pratiques professionnelles. Il vise à sensibiliser les bénévoles et professionnel·les du secteur et&hellip;&nbsp;Lire la suite &raquo;Lutter contre les discriminations ethnoraciales dans les musiques actuelles" />
<meta property="og:url" content="https://www.lecollectifdesfestivals.org/collectif/events/lutter-contre-les-discriminations-ethnoraciales/" />
<meta property="og:site_name" content="Le Collectif des festivals" />
<meta property="article:publisher" content="https://www.facebook.com/LeCollectifDesFestivals/" />
<meta property="article:modified_time" content="2026-02-16T14:06:41+00:00" />
<meta name="twitter:card" content="summary_large_image" />
<meta name="twitter:site" content="@CollFestivals" />
<meta name="twitter:label1" content="Durée de lecture estimée" />
	<meta name="twitter:data1" content="1 minute" />
<script type="application/ld+json" class="yoast-schema-graph">{"@context":"https:\/\/schema.org","@graph":[{"@type":"WebPage","@id":"https:\/\/www.lecollectifdesfestivals.org\/collectif\/events\/lutter-contre-les-discriminations-ethnoraciales\/","url":"https:\/\/www.lecollectifdesfestivals.org\/collectif\/events\/lutter-contre-les-discriminations-ethnoraciales\/","name":"Lutter contre les discriminations ethnoraciales dans les musiques actuelles &#8226; Le Collectif des festivals","isPartOf":{"@id":"https:\/\/www.lecollectifdesfestivals.org\/collectif\/#website"},"datePublished":"2026-01-15T08:52:47+00:00","dateModified":"2026-02-16T14:06:41+00:00","breadcrumb":{"@id":"https:\/\/www.lecollectifdesfestivals.org\/collectif\/events\/lutter-contre-les-discriminations-ethnoraciales\/#breadcrumb"},"inLanguage":"fr-FR","potentialAction":[{"@type":"ReadAction","target":["https:\/\/www.lecollectifdesfestivals.org\/collectif\/events\/lutter-contre-les-discriminations-ethnoraciales\/"]}]},{"@type":"BreadcrumbList","@id":"https:\/\/www.lecollectifdesfestivals.org\/collectif\/events\/lutter-contre-les-discriminations-ethnoraciales\/#breadcrumb","itemListElement":[{"@type":"ListItem","position":1,"name":"Accueil","item":"https:\/\/www.lecollectifdesfestivals.org\/collectif\/"},{"@type":"ListItem","position":2,"name":"Évenements","item":"https:\/\/www.lecollectifdesfestivals.org\/collectif\/events\/"},{"@type":"ListItem","position":3,"name":"Lutter contre les discriminations ethnoraciales dans les musiques actuelles"}]},{"@type":"WebSite","@id":"https:\/\/www.lecollectifdesfestivals.org\/collectif\/#website","url":"https:\/\/www.lecollectifdesfestivals.org\/collectif\/","name":"Le Collectif des festivals","description":"Depuis 2005, le Collectif des festivals accompagne les acteurices culturel·les dans leurs démarches de développement durable.","potentialAction":[{"@type":"SearchAction","target":{"@type":"EntryPoint","urlTemplate":"https:\/\/www.lecollectifdesfestivals.org\/collectif\/?s={search_term_string}"},"query-input":{"@type":"PropertyValueSpecification","valueRequired":true,"valueName":"search_term_string"}}],"inLanguage":"fr-FR"}]}</script>
<!-- / Yoast SEO plugin. -->

Complet ! Stourm propose un webinaire pour comprendre les mécanismes du racisme systémique dans le secteur culturel et plus spécifiquement dans les musiques actuelles. Cet échange permettra d’identifier les formes de racisme directes, indirectes et structurelles qui traversent les organisations et les pratiques professionnelles. Il vise à sensibiliser les bénévoles et professionnel·les du secteur et&hellip;&nbsp;Lire la suite &raquo;Lutter contre les discriminations ethnoraciales dans les musiques actuelles

Évenements

Depuis 2005, le Collectif des festivals accompagne les acteurices culturel·les dans leurs démarches de développement durable.
